Last updated on 2024-04-24 11:20:46 CEST.
Flavor | Version | Tinstall | Tcheck | Ttotal | Status | Flags |
---|---|---|---|---|---|---|
r-devel-linux-x86_64-debian-clang | 1.0 | 2.25 | 22.03 | 24.28 | NOTE | |
r-devel-linux-x86_64-debian-gcc | 1.0 | 1.88 | 16.95 | 18.83 | NOTE | |
r-devel-linux-x86_64-fedora-clang | 1.0 | 30.39 | NOTE | |||
r-devel-linux-x86_64-fedora-gcc | 1.0 | 28.94 | NOTE | |||
r-devel-windows-x86_64 | 1.0 | 3.00 | 37.00 | 40.00 | NOTE | |
r-patched-linux-x86_64 | 1.0 | 2.42 | 21.54 | 23.96 | NOTE | |
r-release-linux-x86_64 | 1.0 | 2.26 | 21.39 | 23.65 | NOTE | |
r-release-macos-arm64 | 1.0 | 14.00 | NOTE | |||
r-release-windows-x86_64 | 1.0 | 3.00 | 37.00 | 40.00 | NOTE | |
r-oldrel-macos-arm64 | 1.0 | 14.00 | NOTE | |||
r-oldrel-macos-x86_64 | 1.0 | 19.00 | NOTE | |||
r-oldrel-windows-x86_64 | 1.0 | 8.00 | 43.00 | 51.00 | NOTE |
Version: 1.0
Check: LazyData
Result: NOTE
'LazyData' is specified without a 'data' directory
Flavors: r-devel-linux-x86_64-debian-clang, r-devel-linux-x86_64-debian-gcc, r-devel-linux-x86_64-fedora-clang, r-devel-linux-x86_64-fedora-gcc, r-devel-windows-x86_64, r-patched-linux-x86_64, r-release-linux-x86_64, r-release-macos-arm64, r-release-windows-x86_64, r-oldrel-macos-arm64, r-oldrel-macos-x86_64, r-oldrel-windows-x86_64