Last updated on 2025-04-29 12:52:32 CEST.
Flavor | Version | Tinstall | Tcheck | Ttotal | Status | Flags |
---|---|---|---|---|---|---|
r-devel-linux-x86_64-debian-clang | 2.3.0 | 12.93 | 113.26 | 126.19 | NOTE | |
r-devel-linux-x86_64-debian-gcc | 2.3.0 | 9.95 | 81.79 | 91.74 | NOTE | |
r-devel-linux-x86_64-fedora-clang | 2.3.0 | 214.55 | OK | |||
r-devel-linux-x86_64-fedora-gcc | 2.3.0 | 201.79 | OK | |||
r-devel-windows-x86_64 | 2.3.0 | 12.00 | 110.00 | 122.00 | OK | |
r-patched-linux-x86_64 | 2.3.0 | 12.04 | 107.72 | 119.76 | OK | |
r-release-linux-x86_64 | 2.3.0 | 13.65 | 105.94 | 119.59 | OK | |
r-release-macos-arm64 | 2.3.0 | 52.00 | OK | |||
r-release-macos-x86_64 | 2.3.0 | 130.00 | OK | |||
r-release-windows-x86_64 | 2.3.0 | 13.00 | 112.00 | 125.00 | OK | |
r-oldrel-macos-arm64 | 2.3.0 | 50.00 | OK | |||
r-oldrel-macos-x86_64 | 2.3.0 | 22.00 | ERROR | |||
r-oldrel-windows-x86_64 | 2.3.0 | 15.00 | 126.00 | 141.00 | OK |
Version: 2.3.0
Check: CRAN incoming feasibility
Result: NOTE
Maintainer: ‘Florencia I. Pozzi <florenciapoz@hotmail.com>’
No Authors@R field in DESCRIPTION.
Please add one, modifying
Authors@R: c(person(given = c("Florencia", "I."),
family = "Pozzi",
role = c("aut", "cre"),
email = "florenciapoz@hotmail.com"),
person(given = c("Silvina", "A."),
family = "Felitti",
role = "aut"))
as necessary.
Flavors: r-devel-linux-x86_64-debian-clang, r-devel-linux-x86_64-debian-gcc
Version: 2.3.0
Check: package dependencies
Result: ERROR
Package required but not available: ‘pwalign’
See section ‘The DESCRIPTION file’ in the ‘Writing R Extensions’
manual.
Flavor: r-oldrel-macos-x86_64