Last updated on 2024-04-23 10:53:59 CEST.
Flavor | Version | Tinstall | Tcheck | Ttotal | Status | Flags |
---|---|---|---|---|---|---|
r-devel-linux-x86_64-debian-clang | 2023.8 | 6.48 | 54.75 | 61.23 | OK | |
r-devel-linux-x86_64-debian-gcc | 2023.8 | 5.91 | 41.48 | 47.39 | OK | |
r-devel-linux-x86_64-fedora-clang | 2023.8 | 81.51 | NOTE | |||
r-devel-linux-x86_64-fedora-gcc | 2023.8 | 74.53 | NOTE | |||
r-prerel-macos-arm64 | 2023.8 | 27.00 | OK | |||
r-prerel-windows-x86_64 | 2023.8 | 8.00 | 59.00 | 67.00 | OK | |
r-patched-linux-x86_64 | 2023.8 | 5.34 | 52.79 | 58.13 | OK | |
r-release-linux-x86_64 | 2023.8 | 6.13 | 52.88 | 59.01 | OK | |
r-release-macos-arm64 | 2023.8 | 28.00 | OK | |||
r-release-macos-x86_64 | 2023.8 | 49.00 | OK | |||
r-release-windows-x86_64 | 2023.8 | 10.00 | 66.00 | 76.00 | OK | |
r-oldrel-macos-arm64 | 2023.8 | 27.00 | OK | |||
r-oldrel-windows-x86_64 | 2023.8 | 10.00 | 68.00 | 78.00 | OK |
Version: 2023.8
Check: data for non-ASCII characters
Result: NOTE
Note: found 8119 marked UTF-8 strings
Flavors: r-devel-linux-x86_64-fedora-clang, r-devel-linux-x86_64-fedora-gcc