Last updated on 2025-02-10 11:49:12 CET.
Flavor | Version | Tinstall | Tcheck | Ttotal | Status | Flags |
---|---|---|---|---|---|---|
r-devel-linux-x86_64-debian-clang | 1.3 | 5.40 | 43.50 | 48.90 | OK | |
r-devel-linux-x86_64-debian-gcc | 1.3 | 3.64 | 32.66 | 36.30 | OK | |
r-devel-linux-x86_64-fedora-clang | 1.3 | 77.93 | OK | |||
r-devel-linux-x86_64-fedora-gcc | 1.3 | 74.31 | OK | |||
r-devel-windows-x86_64 | 1.3 | 8.00 | 59.00 | 67.00 | OK | |
r-patched-linux-x86_64 | 1.3 | 4.21 | 39.78 | 43.99 | NOTE | |
r-release-linux-x86_64 | 1.3 | 4.82 | 40.36 | 45.18 | NOTE | |
r-release-macos-arm64 | 1.3 | 27.00 | NOTE | |||
r-release-macos-x86_64 | 1.3 | 40.00 | NOTE | |||
r-release-windows-x86_64 | 1.3 | 7.00 | 60.00 | 67.00 | NOTE | |
r-oldrel-macos-arm64 | 1.3 | 29.00 | NOTE | |||
r-oldrel-macos-x86_64 | 1.3 | 41.00 | NOTE | |||
r-oldrel-windows-x86_64 | 1.3 | 9.00 | 69.00 | 78.00 | NOTE |
Version: 1.3
Check: LazyData
Result: NOTE
'LazyData' is specified without a 'data' directory
Flavors: r-patched-linux-x86_64, r-release-linux-x86_64, r-release-macos-arm64, r-release-macos-x86_64, r-release-windows-x86_64, r-oldrel-macos-arm64, r-oldrel-macos-x86_64, r-oldrel-windows-x86_64