CRAN Package Check Results for Package ChannelAttribution

Last updated on 2022-06-26 11:52:28 CEST.

Flavor Version Tinstall Tcheck Ttotal Status Flags
r-devel-linux-x86_64-debian-clang 2.0.5 30.41 29.08 59.49 WARN
r-devel-linux-x86_64-debian-gcc 2.0.5 25.20 22.93 48.13 OK
r-devel-linux-x86_64-fedora-clang 2.0.5 93.61 WARN
r-devel-linux-x86_64-fedora-gcc 2.0.5 90.71 OK
r-devel-windows-x86_64 2.0.5 44.00 75.00 119.00 OK
r-patched-linux-x86_64 2.0.5 26.30 28.24 54.54 OK
r-release-linux-x86_64 2.0.5 26.46 28.70 55.16 OK
r-release-macos-arm64 2.0.5 26.00 OK
r-release-macos-x86_64 2.0.5 33.00 OK
r-release-windows-x86_64 2.0.5 52.00 76.00 128.00 OK
r-oldrel-macos-arm64 2.0.5 26.00 OK
r-oldrel-macos-x86_64 2.0.5 35.00 OK
r-oldrel-windows-ix86+x86_64 2.0.5 71.00 76.00 147.00 OK

Additional issues

clang14

Check Details

Version: 2.0.5
Check: whether package can be installed
Result: WARN
    Found the following significant warnings:
     ChannelAttribution.cpp:694:9: warning: use of bitwise '&' with boolean operands [-Wbitwise-instead-of-logical]
     ChannelAttribution.cpp:696:15: warning: use of bitwise '&' with boolean operands [-Wbitwise-instead-of-logical]
Flavors: r-devel-linux-x86_64-debian-clang, r-devel-linux-x86_64-fedora-clang