Last updated on 2025-11-14 11:50:31 CET.
| Flavor | Version | Tinstall | Tcheck | Ttotal | Status | Flags |
|---|---|---|---|---|---|---|
| r-devel-linux-x86_64-debian-clang | 1.2 | 2.44 | 28.05 | 30.49 | NOTE | |
| r-devel-linux-x86_64-debian-gcc | 1.2 | 2.20 | 21.58 | 23.78 | NOTE | |
| r-devel-linux-x86_64-fedora-clang | 1.2 | 47.42 | OK | |||
| r-devel-linux-x86_64-fedora-gcc | 1.2 | 11.00 | 36.65 | 47.65 | OK | |
| r-devel-windows-x86_64 | 1.2 | 4.00 | 52.00 | 56.00 | NOTE | |
| r-patched-linux-x86_64 | 1.2 | 2.71 | 27.34 | 30.05 | OK | |
| r-release-linux-x86_64 | 1.2 | 2.37 | 27.36 | 29.73 | OK | |
| r-release-macos-arm64 | 1.2 | 1.00 | 38.00 | 39.00 | OK | |
| r-release-macos-x86_64 | 1.2 | 3.00 | 56.00 | 59.00 | OK | |
| r-release-windows-x86_64 | 1.2 | 5.00 | 50.00 | 55.00 | OK | |
| r-oldrel-macos-arm64 | 1.2 | 1.00 | 35.00 | 36.00 | OK | |
| r-oldrel-macos-x86_64 | 1.2 | 3.00 | 51.00 | 54.00 | OK | |
| r-oldrel-windows-x86_64 | 1.2 | 6.00 | 61.00 | 67.00 | OK |
Version: 1.2
Check: Rd files
Result: NOTE
checkRd: (-1) ChangepointTesting-package.Rd:18-24: Only 2 columns allowed in this table (row 5 has 1)
Flavors: r-devel-linux-x86_64-debian-clang, r-devel-linux-x86_64-debian-gcc, r-devel-windows-x86_64