Last updated on 2025-04-29 12:52:31 CEST.
Flavor | Version | Tinstall | Tcheck | Ttotal | Status | Flags |
---|---|---|---|---|---|---|
r-devel-linux-x86_64-debian-clang | 1.1 | 2.81 | 25.06 | 27.87 | NOTE | |
r-devel-linux-x86_64-debian-gcc | 1.1 | 2.25 | 19.50 | 21.75 | NOTE | |
r-devel-linux-x86_64-fedora-clang | 1.1 | 43.21 | OK | |||
r-devel-linux-x86_64-fedora-gcc | 1.1 | 44.95 | OK | |||
r-devel-windows-x86_64 | 1.1 | 4.00 | 46.00 | 50.00 | OK | |
r-patched-linux-x86_64 | 1.1 | 2.53 | 24.62 | 27.15 | OK | |
r-release-linux-x86_64 | 1.1 | 2.32 | 24.73 | 27.05 | OK | |
r-release-macos-arm64 | 1.1 | 25.00 | OK | |||
r-release-macos-x86_64 | 1.1 | 35.00 | OK | |||
r-release-windows-x86_64 | 1.1 | 4.00 | 46.00 | 50.00 | OK | |
r-oldrel-macos-arm64 | 1.1 | 25.00 | OK | |||
r-oldrel-macos-x86_64 | 1.1 | 37.00 | OK | |||
r-oldrel-windows-x86_64 | 1.1 | 4.00 | 46.00 | 50.00 | OK |
Version: 1.1
Check: CRAN incoming feasibility
Result: NOTE
Maintainer: ‘Shannon T. Holloway <shannon.t.holloway@gmail.com>’
No Authors@R field in DESCRIPTION.
Please add one, modifying
Authors@R: c(person(given = "Hongyuan",
family = "Cao",
role = "aut"),
person(given = c("Wei", "Biao"),
family = "Wu",
role = "aut"),
person(given = c("Shannon", "T."),
family = "Holloway",
role = c("aut", "cre"),
email = "shannon.t.holloway@gmail.com"))
as necessary.
Flavors: r-devel-linux-x86_64-debian-clang, r-devel-linux-x86_64-debian-gcc