Last updated on 2023-01-28 12:56:07 CET.
Flavor | Version | Tinstall | Tcheck | Ttotal | Status | Flags |
---|---|---|---|---|---|---|
r-devel-linux-x86_64-debian-clang | 0.2 | 38.77 | 69.22 | 107.99 | OK | |
r-devel-linux-x86_64-debian-gcc | 0.2 | 32.78 | 50.11 | 82.89 | OK | |
r-devel-linux-x86_64-fedora-clang | 0.2 | 165.21 | NOTE | |||
r-devel-linux-x86_64-fedora-gcc | 0.2 | 147.41 | NOTE | |||
r-devel-windows-x86_64 | 0.2 | 72.00 | 444.00 | 516.00 | OK | |
r-patched-linux-x86_64 | 0.2 | 33.69 | 67.77 | 101.46 | OK | |
r-release-linux-x86_64 | 0.2 | 29.60 | 68.53 | 98.13 | OK | |
r-release-macos-arm64 | 0.2 | 142.00 | NOTE | |||
r-release-macos-x86_64 | 0.2 | 224.00 | NOTE | |||
r-release-windows-x86_64 | 0.2 | 72.00 | 471.00 | 543.00 | FAIL | |
r-oldrel-macos-arm64 | 0.2 | 116.00 | NOTE | |||
r-oldrel-macos-x86_64 | 0.2 | 161.00 | NOTE | |||
r-oldrel-windows-ix86+x86_64 | 0.2 | 99.00 | 494.00 | 593.00 | OK |
Version: 0.2
Check: dependencies in R code
Result: NOTE
Namespaces in Imports field not imported from:
‘bench’ ‘ggplot2’
All declared Imports should be used.
Flavors: r-devel-linux-x86_64-fedora-clang, r-devel-linux-x86_64-fedora-gcc, r-release-macos-arm64, r-release-macos-x86_64, r-oldrel-macos-arm64, r-oldrel-macos-x86_64
Version: 0.2
Check: compiled code
Result: FAIL
Flavor: r-release-windows-x86_64