Last updated on 2022-06-28 12:52:19 CEST.
Flavor | Version | Tinstall | Tcheck | Ttotal | Status | Flags |
---|---|---|---|---|---|---|
r-devel-linux-x86_64-debian-clang | 1.0.1 | 23.85 | 32.13 | 55.98 | OK | |
r-devel-linux-x86_64-debian-gcc | 1.0.1 | 17.71 | 25.37 | 43.08 | OK | |
r-devel-linux-x86_64-fedora-clang | 1.0.1 | 86.51 | NOTE | |||
r-devel-linux-x86_64-fedora-gcc | 1.0.1 | 76.69 | OK | |||
r-devel-windows-x86_64 | 1.0.1 | 39.00 | 76.00 | 115.00 | OK | |
r-patched-linux-x86_64 | 1.0.1 | 17.74 | 30.50 | 48.24 | OK | |
r-release-linux-x86_64 | 1.0.1 | 18.30 | 30.89 | 49.19 | OK | |
r-release-macos-arm64 | 1.0.1 | 25.00 | OK | |||
r-release-macos-x86_64 | 1.0.1 | 33.00 | OK | |||
r-release-windows-x86_64 | 1.0.1 | 35.00 | 85.00 | 120.00 | OK | |
r-oldrel-macos-arm64 | 1.0.1 | 29.00 | OK | |||
r-oldrel-macos-x86_64 | 1.0.1 | 42.00 | OK | |||
r-oldrel-windows-ix86+x86_64 | 1.0.1 | 56.00 | 76.00 | 132.00 | OK |
Version: 1.0.1
Check: Rd cross-references
Result: NOTE
Undeclared package ‘sitmo’ in Rd xrefs
Flavor: r-devel-linux-x86_64-fedora-clang