CRAN Package Check Results for Package CatEncoders

Last updated on 2022-06-29 11:52:04 CEST.

Flavor Version Tinstall Tcheck Ttotal Status Flags
r-devel-linux-x86_64-debian-clang 0.1.1 2.67 30.35 33.02 NOTE
r-devel-linux-x86_64-debian-gcc 0.1.1 2.27 23.44 25.71 NOTE
r-devel-linux-x86_64-fedora-clang 0.1.1 52.03 NOTE
r-devel-linux-x86_64-fedora-gcc 0.1.1 49.55 NOTE
r-devel-windows-x86_64 0.1.1 14.00 56.00 70.00 NOTE
r-patched-linux-x86_64 0.1.1 1.88 28.97 30.85 NOTE
r-release-linux-x86_64 0.1.1 1.94 29.47 31.41 NOTE
r-release-macos-arm64 0.1.1 18.00 NOTE
r-release-macos-x86_64 0.1.1 24.00 NOTE
r-release-windows-x86_64 0.1.1 12.00 57.00 69.00 NOTE
r-oldrel-macos-arm64 0.1.1 20.00 NOTE
r-oldrel-macos-x86_64 0.1.1 30.00 NOTE
r-oldrel-windows-ix86+x86_64 0.1.1 6.00 51.00 57.00 NOTE

Check Details

Version: 0.1.1
Check: LazyData
Result: NOTE
     'LazyData' is specified without a 'data' directory
Flavors: r-devel-linux-x86_64-debian-clang, r-devel-linux-x86_64-debian-gcc, r-devel-linux-x86_64-fedora-clang, r-devel-linux-x86_64-fedora-gcc, r-devel-windows-x86_64, r-patched-linux-x86_64, r-release-linux-x86_64, r-release-macos-arm64, r-release-macos-x86_64, r-release-windows-x86_64, r-oldrel-macos-arm64, r-oldrel-macos-x86_64, r-oldrel-windows-ix86+x86_64

Version: 0.1.1
Check: dependencies in R code
Result: NOTE
    Namespace in Imports field not imported from: ‘Matrix’
     All declared Imports should be used.
Flavors: r-devel-linux-x86_64-fedora-clang, r-devel-linux-x86_64-fedora-gcc, r-release-macos-arm64, r-release-macos-x86_64, r-oldrel-macos-arm64, r-oldrel-macos-x86_64