CRAN Package Check Results for Package Cairo

Last updated on 2023-02-03 11:53:10 CET.

Flavor Version Tinstall Tcheck Ttotal Status Flags
r-devel-linux-x86_64-debian-clang 1.6-0 9.52 26.33 35.85 WARN
r-devel-linux-x86_64-debian-gcc 1.6-0 6.96 21.09 28.05 WARN
r-devel-linux-x86_64-fedora-clang 1.6-0 48.93 WARN
r-devel-linux-x86_64-fedora-gcc 1.6-0 47.35 WARN
r-devel-windows-x86_64 1.6-0 43.00 86.00 129.00 NOTE
r-patched-linux-x86_64 1.6-0 8.55 26.15 34.70 OK
r-release-linux-x86_64 1.6-0 7.38 26.94 34.32 OK
r-release-macos-arm64 1.6-0 40.00 NOTE
r-release-macos-x86_64 1.6-0 59.00 NOTE
r-release-windows-x86_64 1.6-0 76.00 97.00 173.00 NOTE
r-oldrel-macos-arm64 1.6-0 37.00 NOTE
r-oldrel-macos-x86_64 1.6-0 62.00 NOTE
r-oldrel-windows-ix86+x86_64 1.6-0 30.00 74.00 104.00 OK

Check Details

Version: 1.6-0
Check: whether package can be installed
Result: WARN
    Found the following significant warnings:
     cairobem.c:50:28: warning: a function declaration without a prototype is deprecated in all versions of C [-Wstrict-prototypes]
     ./Rapi.h:9:23: warning: a function declaration without a prototype is deprecated in all versions of C [-Wstrict-prototypes]
     ./Rapi.h:11:28: warning: a function declaration without a prototype is deprecated in all versions of C [-Wstrict-prototypes]
     cairotalk.c:661:38: warning: a function declaration without a prototype is deprecated in all versions of C [-Wstrict-prototypes]
     cairotalk.c:1552:38: warning: a function declaration without a prototype is deprecated in all versions of C [-Wstrict-prototypes]
     cairotalk.c:1588:23: warning: a function declaration without a prototype is deprecated in all versions of C [-Wstrict-prototypes]
     xlib-backend.c:156:29: warning: a function declaration without a prototype is deprecated in all versions of C [-Wstrict-prototypes]
    See ‘/home/hornik/tmp/R.check/r-devel-clang/Work/PKGS/Cairo.Rcheck/00install.out’ for details.
    * used C compiler: ‘Debian clang version 15.0.6’
Flavor: r-devel-linux-x86_64-debian-clang

Version: 1.6-0
Check: whether package can be installed
Result: WARN
    Found the following significant warnings:
     cairobem.c:50:6: warning: function declaration isn’t a prototype [-Wstrict-prototypes]
     Rapi.h:9:1: warning: function declaration isn’t a prototype [-Wstrict-prototypes]
     Rapi.h:11:1: warning: function declaration isn’t a prototype [-Wstrict-prototypes]
     cairotalk.c:661:23: warning: function declaration isn’t a prototype [-Wstrict-prototypes]
     cairotalk.c:1552:6: warning: function declaration isn’t a prototype [-Wstrict-prototypes]
     cairotalk.c:1588:6: warning: function declaration isn’t a prototype [-Wstrict-prototypes]
     xlib-backend.c:156:13: warning: function declaration isn’t a prototype [-Wstrict-prototypes]
    See ‘/home/hornik/tmp/R.check/r-devel-gcc/Work/PKGS/Cairo.Rcheck/00install.out’ for details.
    * used C compiler: ‘gcc-12 (Debian 12.2.0-14) 12.2.0’
Flavor: r-devel-linux-x86_64-debian-gcc

Version: 1.6-0
Check: whether package can be installed
Result: WARN
    Found the following significant warnings:
     cairobem.c:50:28: warning: a function declaration without a prototype is deprecated in all versions of C [-Wstrict-prototypes]
     ./Rapi.h:9:23: warning: a function declaration without a prototype is deprecated in all versions of C [-Wstrict-prototypes]
     ./Rapi.h:11:28: warning: a function declaration without a prototype is deprecated in all versions of C [-Wstrict-prototypes]
     cairotalk.c:661:38: warning: a function declaration without a prototype is deprecated in all versions of C [-Wstrict-prototypes]
     cairotalk.c:1552:38: warning: a function declaration without a prototype is deprecated in all versions of C [-Wstrict-prototypes]
     cairotalk.c:1588:23: warning: a function declaration without a prototype is deprecated in all versions of C [-Wstrict-prototypes]
     xlib-backend.c:156:29: warning: a function declaration without a prototype is deprecated in all versions of C [-Wstrict-prototypes]
    See ‘/data/gannet/ripley/R/packages/tests-clang/Cairo.Rcheck/00install.out’ for details.
    * used C compiler: ‘clang version 15.0.7’
Flavor: r-devel-linux-x86_64-fedora-clang

Version: 1.6-0
Check: whether package can be installed
Result: WARN
    Found the following significant warnings:
     cairobem.c:50:6: warning: function declaration isn’t a prototype [-Wstrict-prototypes]
     Rapi.h:9:1: warning: function declaration isn’t a prototype [-Wstrict-prototypes]
     Rapi.h:11:1: warning: function declaration isn’t a prototype [-Wstrict-prototypes]
     cairotalk.c:661:23: warning: function declaration isn’t a prototype [-Wstrict-prototypes]
     cairotalk.c:1552:6: warning: function declaration isn’t a prototype [-Wstrict-prototypes]
     cairotalk.c:1588:6: warning: function declaration isn’t a prototype [-Wstrict-prototypes]
     xlib-backend.c:156:13: warning: function declaration isn’t a prototype [-Wstrict-prototypes]
    See ‘/data/gannet/ripley/R/packages/tests-devel/Cairo.Rcheck/00install.out’ for details.
    * used C compiler: ‘gcc (GCC) 12.2.1 20221121 (Red Hat 12.2.1-4)’
Flavor: r-devel-linux-x86_64-fedora-gcc

Version: 1.6-0
Check: installed package size
Result: NOTE
     installed size is 6.9Mb
     sub-directories of 1Mb or more:
     libs 6.8Mb
Flavors: r-devel-windows-x86_64, r-release-macos-arm64, r-release-macos-x86_64, r-release-windows-x86_64, r-oldrel-macos-arm64, r-oldrel-macos-x86_64