CRAN Package Check Results for Package CVR

Last updated on 2022-07-05 11:49:51 CEST.

Flavor Version Tinstall Tcheck Ttotal Status Flags
r-devel-linux-x86_64-debian-clang 0.1.1 45.86 35.14 81.00 OK
r-devel-linux-x86_64-debian-gcc 0.1.1 40.57 27.29 67.86 OK
r-devel-linux-x86_64-fedora-clang 0.1.1 129.23 OK
r-devel-linux-x86_64-fedora-gcc 0.1.1 115.72 OK
r-devel-windows-x86_64 0.1.1 46.00 80.00 126.00 OK
r-patched-linux-x86_64 0.1.1 42.22 34.51 76.73 OK
r-release-linux-x86_64 0.1.1 37.75 34.40 72.15 OK
r-release-macos-arm64 0.1.1 32.00 NOTE
r-release-macos-x86_64 0.1.1 44.00 NOTE
r-release-windows-x86_64 0.1.1 44.00 81.00 125.00 OK
r-oldrel-macos-arm64 0.1.1 48.00 NOTE
r-oldrel-macos-x86_64 0.1.1 63.00 NOTE
r-oldrel-windows-ix86+x86_64 0.1.1 114.00 81.00 195.00 OK

Check Details

Version: 0.1.1
Check: installed package size
Result: NOTE
     installed size is 5.3Mb
     sub-directories of 1Mb or more:
     libs 4.5Mb
Flavors: r-release-macos-arm64, r-release-macos-x86_64, r-oldrel-macos-arm64, r-oldrel-macos-x86_64