Last updated on 2024-03-28 09:51:40 CET.
Flavor | Version | Tinstall | Tcheck | Ttotal | Status | Flags |
---|---|---|---|---|---|---|
r-devel-linux-x86_64-debian-clang | 0.1-2 | 3.19 | 350.09 | 353.28 | NOTE | |
r-devel-linux-x86_64-debian-gcc | 0.1-2 | 2.38 | 337.77 | 340.15 | NOTE | |
r-devel-linux-x86_64-fedora-clang | 0.1-2 | 419.61 | NOTE | |||
r-devel-linux-x86_64-fedora-gcc | 0.1-2 | 554.40 | NOTE | |||
r-devel-windows-x86_64 | 0.1-2 | 5.00 | 333.00 | 338.00 | NOTE | |
r-patched-linux-x86_64 | 0.1-2 | 3.04 | 447.99 | 451.03 | NOTE | |
r-release-linux-x86_64 | 0.1-2 | 2.99 | 436.25 | 439.24 | NOTE | |
r-release-macos-arm64 | 0.1-2 | 199.00 | NOTE | |||
r-release-macos-x86_64 | 0.1-2 | 356.00 | NOTE | |||
r-release-windows-x86_64 | 0.1-2 | 5.00 | 416.00 | 421.00 | NOTE | |
r-oldrel-macos-arm64 | 0.1-2 | 176.00 | NOTE | |||
r-oldrel-windows-x86_64 | 0.1-2 | 7.00 | 406.00 | 413.00 | NOTE |
Version: 0.1-2
Check: Rd \usage sections
Result: NOTE
Documented arguments not in \usage in Rd file 'compute_stat.Rd':
‘K_0’
Functions with \usage entries need to have the appropriate \alias
entries, and all their arguments documented.
The \usage entries must correspond to syntactically valid R code.
See chapter ‘Writing R documentation files’ in the ‘Writing R
Extensions’ manual.
Flavors: r-devel-linux-x86_64-debian-clang, r-devel-linux-x86_64-debian-gcc, r-devel-linux-x86_64-fedora-clang, r-devel-linux-x86_64-fedora-gcc, r-devel-windows-x86_64, r-patched-linux-x86_64
Version: 0.1-2
Check: LazyData
Result: NOTE
'LazyData' is specified without a 'data' directory
Flavors: r-devel-linux-x86_64-debian-clang, r-devel-linux-x86_64-debian-gcc, r-devel-linux-x86_64-fedora-clang, r-devel-linux-x86_64-fedora-gcc, r-devel-windows-x86_64, r-patched-linux-x86_64, r-release-linux-x86_64, r-release-macos-arm64, r-release-macos-x86_64, r-release-windows-x86_64, r-oldrel-macos-arm64, r-oldrel-windows-x86_64