CRAN Package Check Results for Package CTM

Last updated on 2024-02-28 10:13:59 CET.

Flavor Version Tinstall Tcheck Ttotal Status Flags
r-devel-linux-x86_64-debian-clang 0.2 2.99 32.62 35.61 NOTE
r-devel-linux-x86_64-debian-gcc 0.2 2.14 25.30 27.44 NOTE
r-devel-linux-x86_64-fedora-clang 0.2 44.17 NOTE
r-devel-linux-x86_64-fedora-gcc 0.2 42.06 NOTE
r-devel-windows-x86_64 0.2 3.00 48.00 51.00 NOTE
r-patched-linux-x86_64 0.2 2.73 32.19 34.92 NOTE
r-release-linux-x86_64 0.2 2.69 32.14 34.83 NOTE
r-release-macos-arm64 0.2 18.00 NOTE
r-release-macos-x86_64 0.2 25.00 NOTE
r-release-windows-x86_64 0.2 4.00 47.00 51.00 NOTE
r-oldrel-macos-arm64 0.2 20.00 NOTE
r-oldrel-windows-x86_64 0.2 4.00 53.00 57.00 NOTE

Check Details

Version: 0.2
Check: LazyData
Result: NOTE 'LazyData' is specified without a 'data' directory Flavors: r-devel-linux-x86_64-debian-clang, r-devel-linux-x86_64-debian-gcc, r-devel-linux-x86_64-fedora-clang, r-devel-linux-x86_64-fedora-gcc, r-devel-windows-x86_64, r-patched-linux-x86_64, r-release-linux-x86_64, r-release-macos-arm64, r-release-macos-x86_64, r-release-windows-x86_64, r-oldrel-macos-arm64, r-oldrel-windows-x86_64