Last updated on 2024-03-28 09:51:40 CET.
Flavor | Version | Tinstall | Tcheck | Ttotal | Status | Flags |
---|---|---|---|---|---|---|
r-devel-linux-x86_64-debian-clang | 2.0.0 | 24.38 | 84.87 | 109.25 | NOTE | |
r-devel-linux-x86_64-debian-gcc | 2.0.0 | 21.04 | 65.11 | 86.15 | NOTE | |
r-devel-linux-x86_64-fedora-clang | 2.0.0 | 149.72 | NOTE | |||
r-devel-linux-x86_64-fedora-gcc | 2.0.0 | 144.29 | NOTE | |||
r-devel-windows-x86_64 | 2.0.0 | 24.00 | 92.00 | 116.00 | NOTE | |
r-patched-linux-x86_64 | 2.0.0 | 22.86 | 83.78 | 106.64 | NOTE | |
r-release-linux-x86_64 | 2.0.0 | 24.96 | 83.22 | 108.18 | OK | |
r-release-macos-arm64 | 2.0.0 | 47.00 | OK | |||
r-release-macos-x86_64 | 2.0.0 | 74.00 | OK | |||
r-release-windows-x86_64 | 2.0.0 | 31.00 | 115.00 | 146.00 | OK | |
r-oldrel-macos-arm64 | 2.0.0 | 45.00 | OK | |||
r-oldrel-windows-x86_64 | 2.0.0 | 30.00 | 115.00 | 145.00 | OK |
Version: 2.0.0
Check: Rd \usage sections
Result: NOTE
Documented arguments not in \usage in Rd file 'tool.Rd':
‘seq’
Functions with \usage entries need to have the appropriate \alias
entries, and all their arguments documented.
The \usage entries must correspond to syntactically valid R code.
See chapter ‘Writing R documentation files’ in the ‘Writing R
Extensions’ manual.
Flavors: r-devel-linux-x86_64-debian-clang, r-devel-linux-x86_64-debian-gcc, r-devel-linux-x86_64-fedora-clang, r-devel-linux-x86_64-fedora-gcc, r-devel-windows-x86_64, r-patched-linux-x86_64