CRAN Package Check Results for Package CSMES

Last updated on 2022-06-26 11:52:29 CEST.

Flavor Version Tinstall Tcheck Ttotal Status Flags
r-devel-linux-x86_64-debian-clang 1.0.0 4.55 45.17 49.72 OK
r-devel-linux-x86_64-debian-gcc 1.0.0 3.44 33.56 37.00 OK
r-devel-linux-x86_64-fedora-clang 1.0.0 75.50 WARN
r-devel-linux-x86_64-fedora-gcc 1.0.0 67.43 WARN
r-devel-windows-x86_64 1.0.0 13.00 67.00 80.00 OK
r-patched-linux-x86_64 1.0.0 4.44 42.75 47.19 OK
r-release-linux-x86_64 1.0.0 4.47 43.30 47.77 OK
r-release-macos-arm64 1.0.0 23.00 OK
r-release-macos-x86_64 1.0.0 29.00 OK
r-release-windows-x86_64 1.0.0 11.00 65.00 76.00 OK
r-oldrel-macos-arm64 1.0.0 26.00 OK
r-oldrel-macos-x86_64 1.0.0 40.00 OK
r-oldrel-windows-ix86+x86_64 1.0.0 10.00 63.00 73.00 OK

Check Details

Version: 1.0.0
Check: package dependencies
Result: WARN
    Requires (indirectly) orphaned package: ‘gtools’
Flavors: r-devel-linux-x86_64-fedora-clang, r-devel-linux-x86_64-fedora-gcc