Last updated on 2023-10-02 11:10:50 CEST.
Flavor | Version | Tinstall | Tcheck | Ttotal | Status | Flags |
---|---|---|---|---|---|---|
r-devel-linux-x86_64-debian-clang | 0.3.0 | 20.56 | 437.95 | 458.51 | OK | |
r-devel-linux-x86_64-debian-gcc | 0.3.0 | 15.00 | 306.71 | 321.71 | OK | |
r-devel-linux-x86_64-fedora-clang | 0.3.0 | 229.46 | NOTE | |||
r-devel-linux-x86_64-fedora-gcc | 0.3.0 | 211.15 | NOTE | |||
r-devel-windows-x86_64 | 0.3.0 | 19.00 | 307.00 | 326.00 | OK | |
r-patched-linux-x86_64 | 0.3.0 | 17.83 | 399.17 | 417.00 | OK | |
r-release-linux-x86_64 | 0.3.0 | 16.99 | 402.95 | 419.94 | OK | |
r-release-macos-arm64 | 0.3.0 | 115.00 | NOTE | |||
r-release-macos-x86_64 | 0.3.0 | 229.00 | NOTE | |||
r-release-windows-x86_64 | 0.3.0 | 22.00 | 376.00 | 398.00 | OK | |
r-oldrel-macos-arm64 | 0.3.0 | 133.00 | OK | |||
r-oldrel-macos-x86_64 | 0.3.0 | 215.00 | OK | |||
r-oldrel-windows-x86_64 | 0.3.0 | 22.00 | 398.00 | 420.00 | OK |
Version: 0.3.0
Check: package dependencies
Result: NOTE
Packages suggested but not available for checking: 'conos', 'pagoda2'
Flavors: r-devel-linux-x86_64-fedora-clang, r-devel-linux-x86_64-fedora-gcc
Version: 0.3.0
Check: package dependencies
Result: NOTE
Package suggested but not available for checking: ‘rhdf5’
Flavors: r-release-macos-arm64, r-release-macos-x86_64