CRAN Package Check Results for Package CPP

Last updated on 2022-07-05 11:49:51 CEST.

Flavor Version Tinstall Tcheck Ttotal Status Flags
r-devel-linux-x86_64-debian-clang 0.1.0 9.29 81.07 90.36 NOTE
r-devel-linux-x86_64-debian-gcc 0.1.0 6.36 61.00 67.36 NOTE
r-devel-linux-x86_64-fedora-clang 0.1.0 119.13 NOTE
r-devel-linux-x86_64-fedora-gcc 0.1.0 116.96 NOTE
r-devel-windows-x86_64 0.1.0 20.00 102.00 122.00 NOTE
r-patched-linux-x86_64 0.1.0 8.52 78.06 86.58 NOTE
r-release-linux-x86_64 0.1.0 6.92 78.38 85.30 NOTE
r-release-macos-arm64 0.1.0 28.00 NOTE
r-release-macos-x86_64 0.1.0 43.00 NOTE
r-release-windows-x86_64 0.1.0 22.00 99.00 121.00 NOTE
r-oldrel-macos-arm64 0.1.0 37.00 NOTE
r-oldrel-macos-x86_64 0.1.0 62.00 NOTE
r-oldrel-windows-ix86+x86_64 0.1.0 16.00 102.00 118.00 NOTE

Check Details

Version: 0.1.0
Check: LazyData
Result: NOTE
     'LazyData' is specified without a 'data' directory
Flavors: r-devel-linux-x86_64-debian-clang, r-devel-linux-x86_64-debian-gcc, r-devel-linux-x86_64-fedora-clang, r-devel-linux-x86_64-fedora-gcc, r-devel-windows-x86_64, r-patched-linux-x86_64, r-release-linux-x86_64, r-release-macos-arm64, r-release-macos-x86_64, r-release-windows-x86_64, r-oldrel-macos-arm64, r-oldrel-macos-x86_64, r-oldrel-windows-ix86+x86_64