Last updated on 2024-04-17 10:41:33 CEST.
Flavor | Version | Tinstall | Tcheck | Ttotal | Status | Flags |
---|---|---|---|---|---|---|
r-devel-linux-x86_64-debian-clang | 0.1.0 | 9.07 | 114.62 | 123.69 | NOTE | |
r-devel-linux-x86_64-debian-gcc | 0.1.0 | 8.60 | 83.06 | 91.66 | NOTE | |
r-devel-linux-x86_64-fedora-clang | 0.1.0 | 156.45 | NOTE | |||
r-devel-linux-x86_64-fedora-gcc | 0.1.0 | 146.87 | NOTE | |||
r-prerel-macos-arm64 | 0.1.0 | 40.00 | NOTE | |||
r-prerel-windows-x86_64 | 0.1.0 | 11.00 | 93.00 | 104.00 | NOTE | |
r-patched-linux-x86_64 | 0.1.0 | 10.96 | 106.88 | 117.84 | NOTE | |
r-release-linux-x86_64 | 0.1.0 | 12.58 | 108.77 | 121.35 | NOTE | |
r-release-macos-arm64 | 0.1.0 | 31.00 | NOTE | |||
r-release-macos-x86_64 | 0.1.0 | 55.00 | NOTE | |||
r-release-windows-x86_64 | 0.1.0 | 16.00 | 109.00 | 125.00 | NOTE | |
r-oldrel-macos-arm64 | 0.1.0 | 32.00 | NOTE | |||
r-oldrel-windows-x86_64 | 0.1.0 | 15.00 | 111.00 | 126.00 | NOTE |
Version: 0.1.0
Check: LazyData
Result: NOTE
'LazyData' is specified without a 'data' directory
Flavors: r-devel-linux-x86_64-debian-clang, r-devel-linux-x86_64-debian-gcc, r-devel-linux-x86_64-fedora-clang, r-devel-linux-x86_64-fedora-gcc, r-prerel-macos-arm64, r-prerel-windows-x86_64, r-patched-linux-x86_64, r-release-linux-x86_64, r-release-macos-arm64, r-release-macos-x86_64, r-release-windows-x86_64, r-oldrel-macos-arm64, r-oldrel-windows-x86_64