Last updated on 2022-07-07 12:55:21 CEST.
Flavor | Version | Tinstall | Tcheck | Ttotal | Status | Flags |
---|---|---|---|---|---|---|
r-devel-linux-x86_64-debian-clang | 1.1.0 | 130.86 | 36.77 | 167.63 | OK | |
r-devel-linux-x86_64-debian-gcc | 1.1.0 | 109.31 | 28.65 | 137.96 | OK | |
r-devel-linux-x86_64-fedora-clang | 1.1.0 | 289.89 | OK | |||
r-devel-linux-x86_64-fedora-gcc | 1.1.0 | 245.31 | OK | |||
r-devel-windows-x86_64 | 1.1.0 | 215.00 | 91.00 | 306.00 | OK | |
r-patched-linux-x86_64 | 1.1.0 | 110.19 | 36.04 | 146.23 | OK | |
r-release-linux-x86_64 | 1.1.0 | 117.73 | 35.50 | 153.23 | OK | |
r-release-macos-arm64 | 1.1.0 | 70.00 | NOTE | |||
r-release-macos-x86_64 | 1.1.0 | 83.00 | NOTE | |||
r-release-windows-x86_64 | 1.1.0 | 130.00 | 93.00 | 223.00 | OK | |
r-oldrel-macos-arm64 | 1.1.0 | 67.00 | NOTE | |||
r-oldrel-macos-x86_64 | 1.1.0 | 82.00 | NOTE | |||
r-oldrel-windows-ix86+x86_64 | 1.1.0 | 337.00 | 80.00 | 417.00 | OK |
Version: 1.1.0
Check: installed package size
Result: NOTE
installed size is 5.5Mb
sub-directories of 1Mb or more:
libs 5.4Mb
Flavors: r-release-macos-arm64, r-release-macos-x86_64, r-oldrel-macos-arm64, r-oldrel-macos-x86_64