Last updated on 2024-04-19 11:56:42 CEST.
Flavor | Version | Tinstall | Tcheck | Ttotal | Status | Flags |
---|---|---|---|---|---|---|
r-devel-linux-x86_64-debian-clang | 1.1.1 | 147.53 | 37.96 | 185.49 | OK | |
r-devel-linux-x86_64-debian-gcc | 1.1.1 | OK | ||||
r-devel-linux-x86_64-fedora-clang | 1.1.1 | 286.37 | OK | |||
r-devel-linux-x86_64-fedora-gcc | 1.1.1 | 285.32 | OK | |||
r-prerel-macos-arm64 | 1.1.1 | 58.00 | NOTE | |||
r-prerel-windows-x86_64 | 1.1.1 | 120.00 | 78.00 | 198.00 | NOTE | |
r-patched-linux-x86_64 | 1.1.1 | 134.07 | 36.52 | 170.59 | OK | |
r-release-linux-x86_64 | 1.1.1 | 149.96 | 38.21 | 188.17 | OK | |
r-release-macos-arm64 | 1.1.1 | 66.00 | NOTE | |||
r-release-macos-x86_64 | 1.1.1 | 122.00 | NOTE | |||
r-release-windows-x86_64 | 1.1.1 | 126.00 | 84.00 | 210.00 | NOTE | |
r-oldrel-macos-arm64 | 1.1.1 | 62.00 | NOTE | |||
r-oldrel-windows-x86_64 | 1.1.1 | 133.00 | 81.00 | 214.00 | OK |
Version: 1.1.1
Check: installed package size
Result: NOTE
installed size is 5.2Mb
sub-directories of 1Mb or more:
libs 5.0Mb
Flavors: r-prerel-macos-arm64, r-release-macos-arm64, r-release-macos-x86_64, r-oldrel-macos-arm64
Version: 1.1.1
Check: C++ specification
Result: NOTE
Specified C++11: please drop specification unless essential
Flavors: r-prerel-windows-x86_64, r-release-windows-x86_64