Last updated on 2024-04-23 10:53:59 CEST.
Flavor | Version | Tinstall | Tcheck | Ttotal | Status | Flags |
---|---|---|---|---|---|---|
r-devel-linux-x86_64-debian-clang | 1.3.4 | 2.57 | 56.10 | 58.67 | NOTE | |
r-devel-linux-x86_64-debian-gcc | 1.3.4 | 2.62 | 42.63 | 45.25 | NOTE | |
r-devel-linux-x86_64-fedora-clang | 1.3.4 | 76.10 | NOTE | |||
r-devel-linux-x86_64-fedora-gcc | 1.3.4 | 73.56 | NOTE | |||
r-prerel-macos-arm64 | 1.3.4 | 29.00 | NOTE | |||
r-prerel-windows-x86_64 | 1.3.4 | 4.00 | 81.00 | 85.00 | NOTE | |
r-patched-linux-x86_64 | 1.3.4 | 4.57 | 56.47 | 61.04 | NOTE | |
r-release-linux-x86_64 | 1.3.4 | 3.20 | 55.33 | 58.53 | OK | |
r-release-macos-arm64 | 1.3.4 | 28.00 | OK | |||
r-release-macos-x86_64 | 1.3.4 | 44.00 | OK | |||
r-release-windows-x86_64 | 1.3.4 | 6.00 | 85.00 | 91.00 | OK | |
r-oldrel-macos-arm64 | 1.3.4 | 30.00 | OK | |||
r-oldrel-windows-x86_64 | 1.3.4 | 6.00 | 86.00 | 92.00 | OK |
Version: 1.3.4
Check: Rd files
Result: NOTE
checkRd: (-1) fasttrakg.Rd:18: Lost braces
18 | \item{\code{killip}}{Killip level of cardiac event severity (1-4)age75}{1= Age>75; 0=Age<=75}
| ^
Flavors: r-devel-linux-x86_64-debian-clang, r-devel-linux-x86_64-debian-gcc, r-devel-linux-x86_64-fedora-clang, r-devel-linux-x86_64-fedora-gcc, r-prerel-macos-arm64, r-prerel-windows-x86_64, r-patched-linux-x86_64