Last updated on 2022-06-30 11:53:04 CEST.
Flavor | Version | Tinstall | Tcheck | Ttotal | Status | Flags |
---|---|---|---|---|---|---|
r-devel-linux-x86_64-debian-clang | 3.7.2 | 67.89 | 652.45 | 720.34 | OK | |
r-devel-linux-x86_64-debian-gcc | 3.7.2 | 63.31 | 499.57 | 562.88 | OK | |
r-devel-linux-x86_64-fedora-clang | 3.7.2 | 952.65 | NOTE | |||
r-devel-linux-x86_64-fedora-gcc | 3.7.2 | 977.05 | NOTE | |||
r-devel-windows-x86_64 | 3.7.2 | 103.00 | 680.00 | 783.00 | NOTE | |
r-patched-linux-x86_64 | 3.7.2 | 77.62 | 645.64 | 723.26 | OK | |
r-release-linux-x86_64 | 3.7.2 | 69.22 | 639.93 | 709.15 | OK | |
r-release-macos-arm64 | 3.7.2 | 7.00 | ERROR | |||
r-release-macos-x86_64 | 3.7.2 | 398.00 | NOTE | |||
r-release-windows-x86_64 | 3.7.2 | 115.00 | 694.00 | 809.00 | NOTE | |
r-oldrel-macos-arm64 | 3.7.2 | 254.00 | NOTE | |||
r-oldrel-macos-x86_64 | 3.7.2 | 317.00 | NOTE | |||
r-oldrel-windows-ix86+x86_64 | 3.7.2 | 149.00 | 713.00 | 862.00 | NOTE |
Version: 3.7.2
Check: installed package size
Result: NOTE
installed size is 5.2Mb
sub-directories of 1Mb or more:
doc 3.2Mb
extdata 1.7Mb
Flavors: r-devel-linux-x86_64-fedora-clang, r-devel-windows-x86_64, r-release-macos-x86_64, r-release-windows-x86_64, r-oldrel-macos-arm64, r-oldrel-macos-x86_64, r-oldrel-windows-ix86+x86_64
Version: 3.7.2
Check: dependencies in R code
Result: NOTE
Namespace in Imports field not imported from: 'Hmisc'
All declared Imports should be used.
Flavors: r-devel-linux-x86_64-fedora-clang, r-devel-linux-x86_64-fedora-gcc, r-release-macos-x86_64, r-oldrel-macos-arm64, r-oldrel-macos-x86_64
Version: 3.7.2
Check: package dependencies
Result: ERROR
Package required but not available: ‘GenomicInteractions’
Package suggested but not available for checking: ‘BSgenome.Hsapiens.UCSC.hg19’
See section ‘The DESCRIPTION file’ in the ‘Writing R Extensions’
manual.
Flavor: r-release-macos-arm64
Version: 3.7.2
Check: package dependencies
Result: NOTE
Package suggested but not available for checking: ‘BSgenome.Hsapiens.UCSC.hg19’
Flavor: r-release-macos-x86_64