Last updated on 2023-01-26 11:53:00 CET.
Flavor | Version | Tinstall | Tcheck | Ttotal | Status | Flags |
---|---|---|---|---|---|---|
r-devel-linux-x86_64-debian-clang | 0.1.1 | 9.06 | 31.48 | 40.54 | OK | |
r-devel-linux-x86_64-debian-gcc | 0.1.1 | 7.87 | 25.86 | 33.73 | OK | |
r-devel-linux-x86_64-fedora-clang | 0.1.1 | 57.90 | NOTE | |||
r-devel-linux-x86_64-fedora-gcc | 0.1.1 | 51.30 | NOTE | |||
r-devel-windows-x86_64 | 0.1.1 | 16.00 | 66.00 | 82.00 | NOTE | |
r-patched-linux-x86_64 | 0.1.1 | 9.45 | 33.14 | 42.59 | OK | |
r-release-linux-x86_64 | 0.1.1 | 8.70 | 33.80 | 42.50 | OK | |
r-release-macos-arm64 | 0.1.1 | 24.00 | NOTE | |||
r-release-macos-x86_64 | 0.1.1 | 33.00 | NOTE | |||
r-release-windows-x86_64 | 0.1.1 | 15.00 | 64.00 | 79.00 | NOTE | |
r-oldrel-macos-arm64 | 0.1.1 | 29.00 | NOTE | |||
r-oldrel-macos-x86_64 | 0.1.1 | 32.00 | NOTE | |||
r-oldrel-windows-ix86+x86_64 | 0.1.1 | 14.00 | 56.00 | 70.00 | NOTE |
Version: 0.1.1
Check: installed package size
Result: NOTE
installed size is 5.3Mb
sub-directories of 1Mb or more:
data 5.2Mb
Flavors: r-devel-linux-x86_64-fedora-clang, r-devel-windows-x86_64, r-release-macos-arm64, r-release-macos-x86_64, r-release-windows-x86_64, r-oldrel-macos-arm64, r-oldrel-macos-x86_64, r-oldrel-windows-ix86+x86_64
Version: 0.1.1
Check: dependencies in R code
Result: NOTE
Namespace in Imports field not imported from: ‘Rdpack’
All declared Imports should be used.
Flavors: r-devel-linux-x86_64-fedora-clang, r-devel-linux-x86_64-fedora-gcc, r-release-macos-arm64, r-release-macos-x86_64, r-oldrel-macos-arm64, r-oldrel-macos-x86_64