CRAN Package Check Results for Package CMAPSS

Last updated on 2024-02-29 13:54:31 CET.

Flavor Version Tinstall Tcheck Ttotal Status Flags
r-devel-linux-x86_64-debian-clang 0.1.1 6.99 29.47 36.46 NOTE
r-devel-linux-x86_64-debian-gcc 0.1.1 7.30 22.66 29.96 NOTE
r-devel-linux-x86_64-fedora-clang 0.1.1 51.66 NOTE
r-devel-linux-x86_64-fedora-gcc 0.1.1 50.25 NOTE
r-devel-windows-x86_64 0.1.1 8.00 47.00 55.00 NOTE
r-patched-linux-x86_64 0.1.1 7.75 28.49 36.24 OK
r-release-linux-x86_64 0.1.1 9.01 29.15 38.16 OK
r-release-macos-arm64 0.1.1 25.00 NOTE
r-release-macos-x86_64 0.1.1 36.00 NOTE
r-release-windows-x86_64 0.1.1 11.00 49.00 60.00 NOTE
r-oldrel-macos-arm64 0.1.1 27.00 NOTE
r-oldrel-windows-x86_64 0.1.1 11.00 56.00 67.00 NOTE

Check Details

Version: 0.1.1
Check: Rd files
Result: NOTE checkRd: (-1) CMAPSS.Rd:10: Lost braces 10 | \item \code{train}{ a list of class "hhsmm.data" as the train dataset} | ^ checkRd: (-1) CMAPSS.Rd:11: Lost braces 11 | \item \code{test}{ a list of class "hhsmm.data" as the test dataset} | ^ checkRd: (-1) CMAPSS.Rd:12: Lost braces 12 | \item \code{subsets}{ a matrix containig the number of units in each subset of the CMAPSS data set (FD001-FD004) for the train and test datasets} | ^ Flavors: r-devel-linux-x86_64-debian-clang, r-devel-linux-x86_64-debian-gcc, r-devel-linux-x86_64-fedora-clang, r-devel-linux-x86_64-fedora-gcc

Version: 0.1.1
Check: installed package size
Result: NOTE installed size is 5.3Mb sub-directories of 1Mb or more: data 5.2Mb Flavors: r-devel-linux-x86_64-fedora-clang, r-devel-windows-x86_64, r-release-macos-arm64, r-release-macos-x86_64, r-release-windows-x86_64, r-oldrel-macos-arm64, r-oldrel-windows-x86_64

Version: 0.1.1
Check: dependencies in R code
Result: NOTE Namespace in Imports field not imported from: ‘Rdpack’ All declared Imports should be used. Flavors: r-devel-linux-x86_64-fedora-clang, r-devel-linux-x86_64-fedora-gcc