Last updated on 2022-06-30 11:53:04 CEST.
Flavor | Version | Tinstall | Tcheck | Ttotal | Status | Flags |
---|---|---|---|---|---|---|
r-devel-linux-x86_64-debian-clang | 2.0-12 | 15.42 | 124.25 | 139.67 | NOTE | |
r-devel-linux-x86_64-debian-gcc | 2.0-12 | 12.52 | 96.09 | 108.61 | NOTE | |
r-devel-linux-x86_64-fedora-clang | 2.0-12 | 180.60 | NOTE | |||
r-devel-linux-x86_64-fedora-gcc | 2.0-12 | 176.21 | NOTE | |||
r-devel-windows-x86_64 | 2.0-12 | 29.00 | 154.00 | 183.00 | NOTE | |
r-patched-linux-x86_64 | 2.0-12 | 14.26 | 122.12 | 136.38 | OK | |
r-release-linux-x86_64 | 2.0-12 | 12.29 | 123.29 | 135.58 | OK | |
r-release-macos-arm64 | 2.0-12 | 50.00 | OK | |||
r-release-macos-x86_64 | 2.0-12 | 85.00 | OK | |||
r-release-windows-x86_64 | 2.0-12 | 33.00 | 159.00 | 192.00 | OK | |
r-oldrel-macos-arm64 | 2.0-12 | 58.00 | OK | |||
r-oldrel-macos-x86_64 | 2.0-12 | 103.00 | OK | |||
r-oldrel-windows-ix86+x86_64 | 2.0-12 | 30.00 | 149.00 | 179.00 | OK |
Version: 2.0-12
Check: Rd files
Result: NOTE
checkRd: (-1) clme.Rd:84: Escaped LaTeX specials: \&
Flavors: r-devel-linux-x86_64-debian-clang, r-devel-linux-x86_64-debian-gcc, r-devel-linux-x86_64-fedora-clang, r-devel-linux-x86_64-fedora-gcc, r-devel-windows-x86_64