Last updated on 2025-04-29 12:52:32 CEST.
Flavor | Version | Tinstall | Tcheck | Ttotal | Status | Flags |
---|---|---|---|---|---|---|
r-devel-linux-x86_64-debian-clang | 1.0.1 | 2.65 | 22.67 | 25.32 | NOTE | |
r-devel-linux-x86_64-debian-gcc | 1.0.1 | 1.72 | 17.36 | 19.08 | NOTE | |
r-devel-linux-x86_64-fedora-clang | 1.0.1 | 39.98 | OK | |||
r-devel-linux-x86_64-fedora-gcc | 1.0.1 | 40.83 | OK | |||
r-devel-windows-x86_64 | 1.0.1 | 4.00 | 47.00 | 51.00 | OK | |
r-patched-linux-x86_64 | 1.0.1 | 2.36 | 21.84 | 24.20 | OK | |
r-release-linux-x86_64 | 1.0.1 | 2.42 | 21.95 | 24.37 | OK | |
r-release-macos-arm64 | 1.0.1 | 18.00 | OK | |||
r-release-macos-x86_64 | 1.0.1 | 26.00 | OK | |||
r-release-windows-x86_64 | 1.0.1 | 3.00 | 47.00 | 50.00 | OK | |
r-oldrel-macos-arm64 | 1.0.1 | 20.00 | OK | |||
r-oldrel-macos-x86_64 | 1.0.1 | 36.00 | OK | |||
r-oldrel-windows-x86_64 | 1.0.1 | 3.00 | 44.00 | 47.00 | OK |
Version: 1.0.1
Check: CRAN incoming feasibility
Result: NOTE
Maintainer: ‘Chris J. Lloyd <c.lloyd@mbs.edu>’
No Authors@R field in DESCRIPTION.
Please add one, modifying
Authors@R: person(given = c("Chris", "J."),
family = "Lloyd",
role = c("aut", "cre"),
email = "c.lloyd@mbs.edu")
as necessary.
Flavors: r-devel-linux-x86_64-debian-clang, r-devel-linux-x86_64-debian-gcc