Last updated on 2023-02-06 11:04:31 CET.
Flavor | Version | Tinstall | Tcheck | Ttotal | Status | Flags |
---|---|---|---|---|---|---|
r-devel-linux-x86_64-debian-clang | 0.1.3 | 46.96 | 207.70 | 254.66 | OK | |
r-devel-linux-x86_64-debian-gcc | 0.1.3 | 34.93 | 146.99 | 181.92 | OK | |
r-devel-linux-x86_64-fedora-clang | 0.1.3 | 312.99 | NOTE | |||
r-devel-linux-x86_64-fedora-gcc | 0.1.3 | 344.66 | OK | |||
r-devel-windows-x86_64 | 0.1.3 | 81.00 | 263.00 | 344.00 | NOTE | |
r-patched-linux-x86_64 | 0.1.3 | 25.10 | 187.89 | 212.99 | OK | |
r-release-linux-x86_64 | 0.1.3 | 27.19 | 190.97 | 218.16 | OK | |
r-release-macos-arm64 | 0.1.3 | 89.00 | NOTE | |||
r-release-macos-x86_64 | 0.1.3 | 141.00 | NOTE | |||
r-release-windows-x86_64 | 0.1.3 | 66.00 | 267.00 | 333.00 | NOTE | |
r-oldrel-macos-arm64 | 0.1.3 | 119.00 | NOTE | |||
r-oldrel-macos-x86_64 | 0.1.3 | 106.00 | NOTE | |||
r-oldrel-windows-ix86+x86_64 | 0.1.3 | 101.00 | 293.00 | 394.00 | NOTE |
Version: 0.1.3
Check: installed package size
Result: NOTE
installed size is 6.0Mb
sub-directories of 1Mb or more:
data 1.2Mb
doc 3.6Mb
help 1.0Mb
Flavors: r-devel-linux-x86_64-fedora-clang, r-devel-windows-x86_64, r-release-macos-arm64, r-release-macos-x86_64, r-release-windows-x86_64, r-oldrel-macos-arm64, r-oldrel-macos-x86_64, r-oldrel-windows-ix86+x86_64