Last updated on 2024-04-25 07:59:48 CEST.
Flavor | Version | Tinstall | Tcheck | Ttotal | Status | Flags |
---|---|---|---|---|---|---|
r-devel-linux-x86_64-debian-clang | 0.1.3 | 46.60 | 207.81 | 254.41 | OK | |
r-devel-linux-x86_64-debian-gcc | 0.1.3 | 34.17 | 151.80 | 185.97 | OK | |
r-devel-linux-x86_64-fedora-clang | 0.1.3 | 322.29 | NOTE | |||
r-devel-linux-x86_64-fedora-gcc | 0.1.3 | 314.60 | OK | |||
r-devel-windows-x86_64 | 0.1.3 | 36.00 | 170.00 | 206.00 | NOTE | |
r-patched-linux-x86_64 | 0.1.3 | 49.39 | 195.14 | 244.53 | OK | |
r-release-linux-x86_64 | 0.1.3 | 30.56 | 197.75 | 228.31 | OK | |
r-release-macos-arm64 | 0.1.3 | 77.00 | NOTE | |||
r-release-windows-x86_64 | 0.1.3 | 36.00 | 176.00 | 212.00 | NOTE | |
r-oldrel-macos-arm64 | 0.1.3 | 99.00 | NOTE | |||
r-oldrel-macos-x86_64 | 0.1.3 | 144.00 | NOTE | |||
r-oldrel-windows-x86_64 | 0.1.3 | 49.00 | 217.00 | 266.00 | NOTE |
Version: 0.1.3
Check: installed package size
Result: NOTE
installed size is 6.0Mb
sub-directories of 1Mb or more:
data 1.1Mb
doc 3.6Mb
help 1.0Mb
Flavors: r-devel-linux-x86_64-fedora-clang, r-devel-windows-x86_64, r-release-macos-arm64, r-release-windows-x86_64, r-oldrel-macos-arm64, r-oldrel-macos-x86_64, r-oldrel-windows-x86_64