Last updated on 2023-11-29 12:56:42 CET.
Flavor | Version | Tinstall | Tcheck | Ttotal | Status | Flags |
---|---|---|---|---|---|---|
r-devel-linux-x86_64-debian-clang | 0.1.1 | 4.44 | 140.98 | 145.42 | NOTE | |
r-devel-linux-x86_64-debian-gcc | 0.1.1 | 3.40 | 101.34 | 104.74 | NOTE | |
r-devel-linux-x86_64-fedora-clang | 0.1.1 | 176.27 | NOTE | |||
r-devel-linux-x86_64-fedora-gcc | 0.1.1 | 190.78 | NOTE | |||
r-devel-windows-x86_64 | 0.1.1 | 4.00 | 134.00 | 138.00 | NOTE | |
r-patched-linux-x86_64 | 0.1.1 | 2.97 | 138.69 | 141.66 | NOTE | |
r-release-linux-x86_64 | 0.1.1 | 2.38 | 136.43 | 138.81 | NOTE | |
r-release-macos-arm64 | 0.1.1 | 49.00 | NOTE | |||
r-release-macos-x86_64 | 0.1.1 | 90.00 | NOTE | |||
r-release-windows-x86_64 | 0.1.1 | 5.00 | 144.00 | 149.00 | NOTE | |
r-oldrel-macos-arm64 | 0.1.1 | 41.00 | NOTE | |||
r-oldrel-macos-x86_64 | 0.1.1 | 56.00 | NOTE | |||
r-oldrel-windows-x86_64 | 0.1.1 | 5.00 | 143.00 | 148.00 | NOTE |
Version: 0.1.1
Check: LazyData
Result: NOTE
'LazyData' is specified without a 'data' directory
Flavors: r-devel-linux-x86_64-debian-clang, r-devel-linux-x86_64-debian-gcc, r-devel-linux-x86_64-fedora-clang, r-devel-linux-x86_64-fedora-gcc, r-devel-windows-x86_64, r-patched-linux-x86_64, r-release-linux-x86_64, r-release-macos-arm64, r-release-macos-x86_64, r-release-windows-x86_64, r-oldrel-macos-arm64, r-oldrel-macos-x86_64, r-oldrel-windows-x86_64