CRAN Package Check Results for Package CIplot

Last updated on 2024-02-24 11:49:21 CET.

Flavor Version Tinstall Tcheck Ttotal Status Flags
r-devel-linux-x86_64-debian-clang 1.0 7.69 63.78 71.47 NOTE
r-devel-linux-x86_64-debian-gcc 1.0 5.75 50.28 56.03 NOTE
r-devel-linux-x86_64-fedora-clang 1.0 93.87 NOTE
r-devel-linux-x86_64-fedora-gcc 1.0 92.61 NOTE
r-devel-windows-x86_64 1.0 7.00 65.00 72.00 NOTE
r-patched-linux-x86_64 1.0 6.69 63.36 70.05 NOTE
r-release-linux-x86_64 1.0 6.96 66.12 73.08 NOTE
r-release-macos-arm64 1.0 35.00 NOTE
r-release-macos-x86_64 1.0 50.00 NOTE
r-release-windows-x86_64 1.0 9.00 73.00 82.00 NOTE
r-oldrel-macos-arm64 1.0 28.00 NOTE
r-oldrel-windows-x86_64 1.0 9.00 76.00 85.00 NOTE

Check Details

Version: 1.0
Check: package dependencies
Result: NOTE Package suggested but not available for checking: ‘userfriendlyscience’ Flavors: r-devel-linux-x86_64-debian-clang, r-devel-linux-x86_64-debian-gcc, r-devel-linux-x86_64-fedora-clang, r-devel-linux-x86_64-fedora-gcc, r-devel-windows-x86_64, r-patched-linux-x86_64, r-release-linux-x86_64, r-release-macos-arm64, r-release-macos-x86_64, r-release-windows-x86_64, r-oldrel-macos-arm64, r-oldrel-windows-x86_64

Version: 1.0
Check: Rd files
Result: NOTE checkRd: (-1) CIplot.Rd:58: Lost braces; missing escapes or markup? 58 | \item{las}{numeric in {0,1,2,3}; the style of axis labels. | ^ Flavors: r-devel-linux-x86_64-debian-clang, r-devel-linux-x86_64-debian-gcc, r-devel-linux-x86_64-fedora-clang, r-devel-linux-x86_64-fedora-gcc