Last updated on 2025-02-21 10:51:32 CET.
Flavor | Version | Tinstall | Tcheck | Ttotal | Status | Flags |
---|---|---|---|---|---|---|
r-devel-linux-x86_64-debian-clang | 0.99.4 | 26.32 | 478.37 | 504.69 | OK | |
r-devel-linux-x86_64-debian-gcc | 0.99.4 | 17.09 | 301.88 | 318.97 | OK | |
r-devel-linux-x86_64-fedora-clang | 0.99.4 | 873.92 | OK | |||
r-devel-linux-x86_64-fedora-gcc | 0.99.4 | 838.37 | OK | |||
r-devel-macos-arm64 | 0.99.4 | 208.00 | OK | |||
r-devel-macos-x86_64 | 0.99.4 | 440.00 | OK | |||
r-devel-windows-x86_64 | 0.99.4 | 25.00 | 310.00 | 335.00 | ERROR | |
r-patched-linux-x86_64 | 0.99.4 | 26.43 | 438.78 | 465.21 | OK | |
r-release-linux-x86_64 | 0.99.4 | 26.10 | 464.71 | 490.81 | OK | |
r-release-macos-arm64 | 0.99.4 | 242.00 | OK | |||
r-release-macos-x86_64 | 0.99.4 | 444.00 | OK | |||
r-release-windows-x86_64 | 0.99.4 | 24.00 | 459.00 | 483.00 | OK | |
r-oldrel-macos-arm64 | 0.99.1 | 90.00 | OK | |||
r-oldrel-macos-x86_64 | 0.99.4 | 517.00 | OK | |||
r-oldrel-windows-x86_64 | 0.99.4 | 37.00 | 354.00 | 391.00 | ERROR |
Version: 0.99.4
Check: re-building of vignette outputs
Result: ERROR
Error(s) in re-building vignettes:
--- re-building 'asCIDER.Rmd' using rmarkdown
trying URL 'https://figshare.com/ndownloader/files/31469387'
Content type 'application/octet-stream' length 17139136 bytes (16.3 MB)
====================
downloaded 6.8 MB
Quitting from lines 46-54 [unnamed-chunk-2] (asCIDER.Rmd)
Error: processing vignette 'asCIDER.Rmd' failed with diagnostics:
download from 'https://figshare.com/ndownloader/files/31469387' failed
--- failed re-building 'asCIDER.Rmd'
--- re-building 'evaluation.Rmd' using rmarkdown
trying URL 'https://figshare.com/ndownloader/files/52116197'
Content type 'application/octet-stream' length 26546799 bytes (25.3 MB)
==================================================
downloaded 25.3 MB
Warning in doTryCatch(return(expr), name, parentenv, handler) :
font family not found in Windows font database
--- finished re-building 'evaluation.Rmd'
SUMMARY: processing the following file failed:
'asCIDER.Rmd'
Error: Vignette re-building failed.
Execution halted
Flavor: r-devel-windows-x86_64
Version: 0.99.4
Check: re-building of vignette outputs
Result: ERROR
Error(s) in re-building vignettes:
--- re-building 'asCIDER.Rmd' using rmarkdown
trying URL 'https://figshare.com/ndownloader/files/31469387'
Content type 'application/octet-stream' length 17139136 bytes (16.3 MB)
==================
downloaded 6.0 MB
Quitting from lines 46-54 [unnamed-chunk-2] (asCIDER.Rmd)
Error: processing vignette 'asCIDER.Rmd' failed with diagnostics:
download from 'https://figshare.com/ndownloader/files/31469387' failed
--- failed re-building 'asCIDER.Rmd'
--- re-building 'evaluation.Rmd' using rmarkdown
trying URL 'https://figshare.com/ndownloader/files/52116197'
Content type 'application/octet-stream' length 26546799 bytes (25.3 MB)
==================
downloaded 9.2 MB
Quitting from lines 57-67 [unnamed-chunk-2] (evaluation.Rmd)
Error: processing vignette 'evaluation.Rmd' failed with diagnostics:
download from 'https://figshare.com/ndownloader/files/52116197' failed
--- failed re-building 'evaluation.Rmd'
SUMMARY: processing the following files failed:
'asCIDER.Rmd' 'evaluation.Rmd'
Error: Vignette re-building failed.
Execution halted
Flavor: r-oldrel-windows-x86_64