Last updated on 2022-07-04 12:54:05 CEST.
Flavor | Version | Tinstall | Tcheck | Ttotal | Status | Flags |
---|---|---|---|---|---|---|
r-devel-linux-x86_64-debian-clang | 8.1-12 | 172.49 | 170.11 | 342.60 | OK | |
r-devel-linux-x86_64-debian-gcc | 8.1-12 | 125.12 | 123.75 | 248.87 | OK | |
r-devel-linux-x86_64-fedora-clang | 8.1-12 | 496.50 | NOTE | |||
r-devel-linux-x86_64-fedora-gcc | 8.1-12 | 429.43 | OK | |||
r-devel-windows-x86_64 | 8.1-12 | 199.00 | 217.00 | 416.00 | OK | |
r-patched-linux-x86_64 | 8.1-12 | 139.59 | 156.67 | 296.26 | OK | |
r-release-linux-x86_64 | 8.1-12 | 138.32 | 156.67 | 294.99 | OK | |
r-release-macos-arm64 | 8.1-12 | 106.00 | NOTE | |||
r-release-macos-x86_64 | 8.1-12 | 145.00 | NOTE | |||
r-release-windows-x86_64 | 8.1-12 | 503.00 | 206.00 | 709.00 | OK | |
r-oldrel-macos-arm64 | 8.1-12 | 106.00 | NOTE | |||
r-oldrel-macos-x86_64 | 8.1-12 | 136.00 | NOTE | |||
r-oldrel-windows-ix86+x86_64 | 8.1-12 | 399.00 | 233.00 | 632.00 | NOTE |
Version: 8.1-12
Check: installed package size
Result: NOTE
installed size is 5.5Mb
sub-directories of 1Mb or more:
data 1.3Mb
libs 2.7Mb
Flavors: r-devel-linux-x86_64-fedora-clang, r-release-macos-arm64, r-release-macos-x86_64, r-oldrel-macos-arm64, r-oldrel-macos-x86_64, r-oldrel-windows-ix86+x86_64