Last updated on 2025-07-15 12:49:16 CEST.
Flavor | Version | Tinstall | Tcheck | Ttotal | Status | Flags |
---|---|---|---|---|---|---|
r-devel-linux-x86_64-debian-clang | 8.3-14 | 107.04 | 141.55 | 248.59 | OK | |
r-devel-linux-x86_64-debian-gcc | 8.3-14 | 70.99 | 88.23 | 159.22 | OK | |
r-devel-linux-x86_64-fedora-clang | 8.3-14 | 474.30 | OK | |||
r-devel-linux-x86_64-fedora-gcc | 8.3-14 | 440.61 | OK | |||
r-devel-windows-x86_64 | 8.3-14 | 125.00 | 170.00 | 295.00 | OK | |
r-patched-linux-x86_64 | 8.2-6 | 109.59 | 133.45 | 243.04 | WARN | |
r-release-linux-x86_64 | 8.2-6 | 103.36 | 134.45 | 237.81 | WARN | |
r-release-macos-arm64 | 8.2-6 | 101.00 | NOTE | |||
r-release-macos-x86_64 | 8.3-14 | 284.00 | OK | |||
r-release-windows-x86_64 | 8.3-14 | 112.00 | 189.00 | 301.00 | OK | |
r-oldrel-macos-arm64 | 8.2-6 | 151.00 | NOTE | |||
r-oldrel-macos-x86_64 | 8.3-14 | 259.00 | NOTE | |||
r-oldrel-windows-x86_64 | 8.3-14 | 152.00 | 210.00 | 362.00 | OK |
Version: 8.2-6
Check: Rd files
Result: NOTE
checkRd: (-1) data.dtmr.Rd:57: Lost braces; missing escapes or markup?
57 | \code{RU}: {Referent units}
| ^
checkRd: (-1) data.dtmr.Rd:59: Lost braces; missing escapes or markup?
59 | \code{PI}: {Partitioning and iterating attribute}
| ^
checkRd: (-1) data.dtmr.Rd:61: Lost braces; missing escapes or markup?
61 | \code{APP}: {Appropriateness attribute}
| ^
checkRd: (-1) data.dtmr.Rd:63: Lost braces; missing escapes or markup?
63 | \code{MC}: {Multiplicative Comparison attribute}
| ^
Flavors: r-patched-linux-x86_64, r-release-linux-x86_64, r-release-macos-arm64, r-oldrel-macos-arm64
Version: 8.2-6
Check: Rd cross-references
Result: WARN
Missing link(s) in Rd file 'data.ecpe.Rd':
‘[GDINA:ecpe]{GDINA::ecpe}’
Missing link(s) in Rd file 'data.fraction.Rd':
‘[GDINA:frac20]{GDINA::frac20}’
See section 'Cross-references' in the 'Writing R Extensions' manual.
Flavors: r-patched-linux-x86_64, r-release-linux-x86_64
Version: 8.2-6
Check: installed package size
Result: NOTE
installed size is 6.1Mb
sub-directories of 1Mb or more:
data 1.3Mb
libs 3.3Mb
Flavor: r-oldrel-macos-arm64
Version: 8.3-14
Check: installed package size
Result: NOTE
installed size is 6.5Mb
sub-directories of 1Mb or more:
data 1.3Mb
libs 3.6Mb
Flavor: r-oldrel-macos-x86_64