Last updated on 2025-04-29 12:52:31 CEST.
Flavor | Version | Tinstall | Tcheck | Ttotal | Status | Flags |
---|---|---|---|---|---|---|
r-devel-linux-x86_64-debian-clang | 1.2 | 1.61 | 16.93 | 18.54 | NOTE | |
r-devel-linux-x86_64-debian-gcc | 1.2 | 1.35 | 14.04 | 15.39 | NOTE | |
r-devel-linux-x86_64-fedora-clang | 1.2 | 29.10 | OK | |||
r-devel-linux-x86_64-fedora-gcc | 1.2 | 29.56 | OK | |||
r-devel-windows-x86_64 | 1.2 | 3.00 | 37.00 | 40.00 | OK | |
r-patched-linux-x86_64 | 1.2 | 1.76 | 16.50 | 18.26 | OK | |
r-release-linux-x86_64 | 1.2 | 1.67 | 16.36 | 18.03 | OK | |
r-release-macos-arm64 | 1.2 | 17.00 | OK | |||
r-release-macos-x86_64 | 1.2 | 23.00 | OK | |||
r-release-windows-x86_64 | 1.2 | 3.00 | 39.00 | 42.00 | OK | |
r-oldrel-macos-arm64 | 1.2 | 20.00 | OK | |||
r-oldrel-macos-x86_64 | 1.2 | 22.00 | OK | |||
r-oldrel-windows-x86_64 | 1.2 | 3.00 | 38.00 | 41.00 | OK |
Version: 1.2
Check: CRAN incoming feasibility
Result: NOTE
Maintainer: ‘Mathieu Vrac <mathieu.vrac@lsce.ipsl.fr>’
No Authors@R field in DESCRIPTION.
Please add one, modifying
Authors@R: c(person(given = "Mathieu",
family = "Vrac",
role = c("aut", "cre"),
email = "mathieu.vrac@lsce.ipsl.fr"),
person(given = "Paul-Antoine",
family = "Michelangeli",
role = "aut",
email = "pam@climpact.com"))
as necessary.
Flavors: r-devel-linux-x86_64-debian-clang, r-devel-linux-x86_64-debian-gcc