Last updated on 2022-06-28 12:52:19 CEST.
Flavor | Version | Tinstall | Tcheck | Ttotal | Status | Flags |
---|---|---|---|---|---|---|
r-devel-linux-x86_64-debian-clang | 0.1.2 | 317.32 | 127.86 | 445.18 | OK | |
r-devel-linux-x86_64-debian-gcc | 0.1.2 | 253.78 | 96.30 | 350.08 | OK | |
r-devel-linux-x86_64-fedora-clang | 0.1.2 | 694.98 | NOTE | |||
r-devel-linux-x86_64-fedora-gcc | 0.1.2 | 580.13 | OK | |||
r-devel-windows-x86_64 | 0.1.2 | 240.00 | 175.00 | 415.00 | OK | |
r-patched-linux-x86_64 | 0.1.2 | 192.93 | 122.22 | 315.15 | OK | |
r-release-linux-x86_64 | 0.1.2 | 208.71 | 119.56 | 328.27 | OK | |
r-release-macos-arm64 | 0.1.2 | 130.00 | NOTE | |||
r-release-macos-x86_64 | 0.1.2 | 215.00 | NOTE | |||
r-release-windows-x86_64 | 0.1.2 | 247.00 | 172.00 | 419.00 | OK | |
r-oldrel-macos-arm64 | 0.1.2 | 147.00 | NOTE | |||
r-oldrel-macos-x86_64 | 0.1.2 | 177.00 | NOTE | |||
r-oldrel-windows-ix86+x86_64 | 0.1.2 | 758.00 | 215.00 | 973.00 | OK |
Version: 0.1.2
Check: installed package size
Result: NOTE
installed size is 9.2Mb
sub-directories of 1Mb or more:
libs 9.0Mb
Flavors: r-devel-linux-x86_64-fedora-clang, r-release-macos-arm64, r-release-macos-x86_64, r-oldrel-macos-arm64, r-oldrel-macos-x86_64