CRAN Package Check Results for Package CARBayesST

Last updated on 2022-07-01 11:51:56 CEST.

Flavor Version Tinstall Tcheck Ttotal Status Flags
r-devel-linux-x86_64-debian-clang 3.3 127.27 501.94 629.21 OK
r-devel-linux-x86_64-debian-gcc 3.3 97.34 362.72 460.06 OK
r-devel-linux-x86_64-fedora-clang 3.3 773.72 WARN
r-devel-linux-x86_64-fedora-gcc 3.3 749.57 WARN
r-devel-windows-x86_64 3.3 121.00 497.00 618.00 OK
r-patched-linux-x86_64 3.3 102.86 478.95 581.81 OK
r-release-linux-x86_64 3.3 76.35 477.96 554.31 OK
r-release-macos-arm64 3.3 190.00 NOTE
r-release-macos-x86_64 3.3 252.00 NOTE
r-release-windows-x86_64 3.3 92.00 500.00 592.00 OK
r-oldrel-macos-arm64 3.3 185.00 NOTE
r-oldrel-macos-x86_64 3.3 243.00 NOTE
r-oldrel-windows-ix86+x86_64 3.3 259.00 638.00 897.00 OK

Check Details

Version: 3.3
Check: package dependencies
Result: WARN
    Requires orphaned package: ‘gtools’
Flavors: r-devel-linux-x86_64-fedora-clang, r-devel-linux-x86_64-fedora-gcc

Version: 3.3
Check: installed package size
Result: NOTE
     installed size is 6.9Mb
     sub-directories of 1Mb or more:
     libs 4.9Mb
Flavors: r-devel-linux-x86_64-fedora-clang, r-release-macos-arm64, r-release-macos-x86_64, r-oldrel-macos-arm64, r-oldrel-macos-x86_64