CRAN Package Check Results for Package CAMML

Last updated on 2024-04-23 10:53:58 CEST.

Flavor Version Tinstall Tcheck Ttotal Status Flags
r-devel-linux-x86_64-debian-clang 1.0.0 0.82 2.03 2.85 ERROR
r-devel-linux-x86_64-debian-gcc 1.0.0 39.76 326.96 366.72 OK
r-devel-linux-x86_64-fedora-clang 1.0.0 679.40 OK
r-devel-linux-x86_64-fedora-gcc 1.0.0 643.57 OK
r-prerel-macos-arm64 1.0.0 6.00 ERROR
r-prerel-macos-x86_64 1.0.0 314.00 OK
r-prerel-windows-x86_64 1.0.0 38.00 323.00 361.00 OK
r-patched-linux-x86_64 1.0.0 36.70 425.02 461.72 OK
r-release-linux-x86_64 1.0.0 31.65 433.59 465.24 OK
r-release-macos-arm64 1.0.0 187.00 OK
r-release-macos-x86_64 1.0.0 7.00 ERROR
r-release-windows-x86_64 1.0.0 57.00 400.00 457.00 OK
r-oldrel-macos-arm64 1.0.0 11.00 ERROR
r-oldrel-windows-x86_64 1.0.0 56.00 371.00 427.00 OK

Check Details

Version: 1.0.0
Check: package dependencies
Result: ERROR Packages required but not available: 'org.Hs.eg.db', 'org.Dr.eg.db', 'org.Mm.eg.db', 'AnnotationDbi' See section ‘The DESCRIPTION file’ in the ‘Writing R Extensions’ manual. Flavor: r-devel-linux-x86_64-debian-clang

Version: 1.0.0
Check: package dependencies
Result: ERROR Packages required but not available: 'org.Dr.eg.db', 'org.Mm.eg.db' See section ‘The DESCRIPTION file’ in the ‘Writing R Extensions’ manual. Flavors: r-prerel-macos-arm64, r-release-macos-x86_64

Version: 1.0.0
Check: package dependencies
Result: ERROR Package required but not available: ‘org.Dr.eg.db’ See section ‘The DESCRIPTION file’ in the ‘Writing R Extensions’ manual. Flavor: r-oldrel-macos-arm64