Last updated on 2024-03-28 09:51:38 CET.
Flavor | Version | Tinstall | Tcheck | Ttotal | Status | Flags |
---|---|---|---|---|---|---|
r-devel-linux-x86_64-debian-clang | 1.0.0 | 47.34 | 450.20 | 497.54 | OK | |
r-devel-linux-x86_64-debian-gcc | 1.0.0 | 39.94 | 328.82 | 368.76 | OK | |
r-devel-linux-x86_64-fedora-clang | 1.0.0 | 692.41 | OK | |||
r-devel-linux-x86_64-fedora-gcc | 1.0.0 | 647.82 | OK | |||
r-devel-windows-x86_64 | 1.0.0 | 41.00 | 319.00 | 360.00 | OK | |
r-patched-linux-x86_64 | 1.0.0 | 48.07 | 426.07 | 474.14 | OK | |
r-release-linux-x86_64 | 1.0.0 | 51.96 | 436.38 | 488.34 | OK | |
r-release-macos-arm64 | 1.0.0 | 187.00 | OK | |||
r-release-macos-x86_64 | 1.0.0 | 8.00 | ERROR | |||
r-release-windows-x86_64 | 1.0.0 | 56.00 | 398.00 | 454.00 | OK | |
r-oldrel-macos-arm64 | 1.0.0 | 11.00 | ERROR | |||
r-oldrel-windows-x86_64 | 1.0.0 | 59.00 | 374.00 | 433.00 | OK |
Version: 1.0.0
Check: package dependencies
Result: ERROR
Packages required but not available: 'org.Dr.eg.db', 'org.Mm.eg.db'
See section ‘The DESCRIPTION file’ in the ‘Writing R Extensions’
manual.
Flavor: r-release-macos-x86_64
Version: 1.0.0
Check: package dependencies
Result: ERROR
Package required but not available: ‘org.Dr.eg.db’
See section ‘The DESCRIPTION file’ in the ‘Writing R Extensions’
manual.
Flavor: r-oldrel-macos-arm64