Last updated on 2025-02-08 13:51:21 CET.
Flavor | Version | Tinstall | Tcheck | Ttotal | Status | Flags |
---|---|---|---|---|---|---|
r-devel-linux-x86_64-debian-clang | 1.0.0 | 43.04 | 356.37 | 399.41 | NOTE | |
r-devel-linux-x86_64-debian-gcc | 1.0.0 | 30.89 | 247.44 | 278.33 | NOTE | |
r-devel-linux-x86_64-fedora-clang | 1.0.0 | 690.96 | OK | |||
r-devel-linux-x86_64-fedora-gcc | 1.0.0 | 647.02 | OK | |||
r-devel-windows-x86_64 | 1.0.0 | 42.00 | 313.00 | 355.00 | NOTE | |
r-patched-linux-x86_64 | 1.0.0 | 46.30 | 325.89 | 372.19 | OK | |
r-release-linux-x86_64 | 1.0.0 | 41.30 | 327.16 | 368.46 | OK | |
r-release-macos-arm64 | 1.0.0 | 10.00 | ERROR | |||
r-release-macos-x86_64 | 1.0.0 | 259.00 | OK | |||
r-release-windows-x86_64 | 1.0.0 | 37.00 | 318.00 | 355.00 | OK | |
r-oldrel-macos-arm64 | 1.0.0 | 187.00 | OK | |||
r-oldrel-macos-x86_64 | 1.0.0 | 12.00 | ERROR | |||
r-oldrel-windows-x86_64 | 1.0.0 | 49.00 | 395.00 | 444.00 | OK |
Version: 1.0.0
Check: Rd cross-references
Result: NOTE
Found the following Rd file(s) with Rd \link{} targets missing package
anchors:
BuildGeneSets.Rd: edgeR, org.Hs.eg.db, org.Mm.eg.db
CAMML.Rd: vamForSeurat
ChIMP.Rd: vamForSeurat
GetGeneSets.Rd: org.Hs.eg.db, org.Mm.eg.db
Please provide package anchors for all Rd \link{} targets not in the
package itself and the base packages.
Flavors: r-devel-linux-x86_64-debian-clang, r-devel-linux-x86_64-debian-gcc, r-devel-windows-x86_64
Version: 1.0.0
Check: package dependencies
Result: ERROR
Packages required but not available: 'org.Dr.eg.db', 'org.Mm.eg.db'
See section ‘The DESCRIPTION file’ in the ‘Writing R Extensions’
manual.
Flavors: r-release-macos-arm64, r-oldrel-macos-x86_64