Last updated on 2024-04-23 10:53:58 CEST.
Flavor | Version | Tinstall | Tcheck | Ttotal | Status | Flags |
---|---|---|---|---|---|---|
r-devel-linux-x86_64-debian-clang | 1.0.1 | 1.16 | 15.12 | 16.28 | OK | |
r-devel-linux-x86_64-debian-gcc | 1.0.1 | 1.25 | 12.31 | 13.56 | OK | |
r-devel-linux-x86_64-fedora-clang | 1.0.1 | 22.23 | NOTE | |||
r-devel-linux-x86_64-fedora-gcc | 1.0.1 | 21.90 | NOTE | |||
r-prerel-macos-arm64 | 1.0.1 | 12.00 | OK | |||
r-prerel-windows-x86_64 | 1.0.1 | 3.00 | 31.00 | 34.00 | OK | |
r-patched-linux-x86_64 | 1.0.1 | 1.76 | 15.46 | 17.22 | OK | |
r-release-linux-x86_64 | 1.0.1 | 1.74 | 15.29 | 17.03 | OK | |
r-release-macos-arm64 | 1.0.1 | 12.00 | OK | |||
r-release-macos-x86_64 | 1.0.1 | 15.00 | OK | |||
r-release-windows-x86_64 | 1.0.1 | 3.00 | 32.00 | 35.00 | OK | |
r-oldrel-macos-arm64 | 1.0.1 | 13.00 | OK | |||
r-oldrel-windows-x86_64 | 1.0.1 | 12.00 | 33.00 | 45.00 | OK |
Version: 1.0.1
Check: data for non-ASCII characters
Result: NOTE
Note: found 179 marked UTF-8 strings
Flavors: r-devel-linux-x86_64-fedora-clang, r-devel-linux-x86_64-fedora-gcc