CRAN Package Check Results for Package C19dNUTS

Last updated on 2023-10-02 11:10:49 CEST.

Flavor Version Tinstall Tcheck Ttotal Status Flags
r-devel-linux-x86_64-debian-clang 1.0.1 1.93 15.07 17.00 OK
r-devel-linux-x86_64-debian-gcc 1.0.1 1.40 12.15 13.55 OK
r-devel-linux-x86_64-fedora-clang 1.0.1 21.99 NOTE
r-devel-linux-x86_64-fedora-gcc 1.0.1 21.42 NOTE
r-devel-windows-x86_64 1.0.1 3.00 32.00 35.00 OK
r-patched-linux-x86_64 1.0.1 2.07 15.04 17.11 OK
r-release-linux-x86_64 1.0.1 1.88 14.88 16.76 OK
r-release-macos-arm64 1.0.1 12.00 OK
r-release-macos-x86_64 1.0.1 15.00 OK
r-release-windows-x86_64 1.0.1 3.00 40.00 43.00 OK
r-oldrel-macos-arm64 1.0.1 13.00 OK
r-oldrel-macos-x86_64 1.0.1 15.00 NOTE
r-oldrel-windows-x86_64 1.0.1 12.00 33.00 45.00 OK

Check Details

Version: 1.0.1
Check: data for non-ASCII characters
Result: NOTE
     Note: found 179 marked UTF-8 strings
Flavors: r-devel-linux-x86_64-fedora-clang, r-devel-linux-x86_64-fedora-gcc, r-oldrel-macos-x86_64