CRAN Package Check Results for Package C19dNUTS

Last updated on 2024-07-23 12:57:28 CEST.

Flavor Version Tinstall Tcheck Ttotal Status Flags
r-devel-linux-x86_64-debian-clang 1.0.1 1.88 15.66 17.54 OK
r-devel-linux-x86_64-debian-gcc 1.0.1 1.35 12.31 13.66 OK
r-devel-linux-x86_64-fedora-clang 1.0.1 22.25 NOTE
r-devel-linux-x86_64-fedora-gcc 1.0.1 22.32 NOTE
r-devel-windows-x86_64 1.0.1 2.00 31.00 33.00 OK
r-patched-linux-x86_64 1.0.1 1.95 15.21 17.16 OK
r-release-linux-x86_64 1.0.1 1.22 15.22 16.44 OK
r-release-macos-arm64 1.0.1 12.00 OK
r-release-macos-x86_64 1.0.1 17.00 OK
r-release-windows-x86_64 1.0.1 2.00 35.00 37.00 OK
r-oldrel-macos-arm64 1.0.1 12.00 OK
r-oldrel-macos-x86_64 1.0.1 15.00 OK
r-oldrel-windows-x86_64 1.0.1 3.00 32.00 35.00 OK

Check Details

Version: 1.0.1
Check: data for non-ASCII characters
Result: NOTE Note: found 179 marked UTF-8 strings Flavors: r-devel-linux-x86_64-fedora-clang, r-devel-linux-x86_64-fedora-gcc