Last updated on 2025-04-29 12:52:31 CEST.
Flavor | Version | Tinstall | Tcheck | Ttotal | Status | Flags |
---|---|---|---|---|---|---|
r-devel-linux-x86_64-debian-clang | 1.0.1 | 1.29 | 12.79 | 14.08 | NOTE | |
r-devel-linux-x86_64-debian-gcc | 1.0.1 | 1.13 | 10.81 | 11.94 | NOTE | |
r-devel-linux-x86_64-fedora-clang | 1.0.1 | 21.66 | OK | |||
r-devel-linux-x86_64-fedora-gcc | 1.0.1 | 22.71 | OK | |||
r-devel-windows-x86_64 | 1.0.1 | 2.00 | 30.00 | 32.00 | OK | |
r-patched-linux-x86_64 | 1.0.1 | 1.47 | 12.17 | 13.64 | OK | |
r-release-linux-x86_64 | 1.0.1 | 1.29 | 12.26 | 13.55 | OK | |
r-release-macos-arm64 | 1.0.1 | 16.00 | OK | |||
r-release-macos-x86_64 | 1.0.1 | 21.00 | OK | |||
r-release-windows-x86_64 | 1.0.1 | 3.00 | 36.00 | 39.00 | OK | |
r-oldrel-macos-arm64 | 1.0.1 | 18.00 | OK | |||
r-oldrel-macos-x86_64 | 1.0.1 | 17.00 | OK | |||
r-oldrel-windows-x86_64 | 1.0.1 | 2.00 | 35.00 | 37.00 | OK |
Version: 1.0.1
Check: CRAN incoming feasibility
Result: NOTE
Maintainer: ‘Thomas Wieland <thomas.wieland.kit@googlemail.com>’
No Authors@R field in DESCRIPTION.
Please add one, modifying
Authors@R: person(given = "Thomas",
family = "Wieland",
role = c("aut", "cre"),
email = "thomas.wieland.kit@googlemail.com")
as necessary.
Flavors: r-devel-linux-x86_64-debian-clang, r-devel-linux-x86_64-debian-gcc