Last updated on 2022-07-04 12:54:05 CEST.
Flavor | Version | Tinstall | Tcheck | Ttotal | Status | Flags |
---|---|---|---|---|---|---|
r-devel-linux-x86_64-debian-clang | 0.2.0 | 2.57 | 21.74 | 24.31 | NOTE | |
r-devel-linux-x86_64-debian-gcc | 0.2.0 | 1.99 | 16.91 | 18.90 | NOTE | |
r-devel-linux-x86_64-fedora-clang | 0.2.0 | 41.47 | NOTE | |||
r-devel-linux-x86_64-fedora-gcc | 0.2.0 | 39.92 | NOTE | |||
r-devel-windows-x86_64 | 0.2.0 | 16.00 | 55.00 | 71.00 | NOTE | |
r-patched-linux-x86_64 | 0.2.0 | 2.71 | 21.32 | 24.03 | NOTE | |
r-release-linux-x86_64 | 0.2.0 | 2.51 | 20.86 | 23.37 | NOTE | |
r-release-macos-arm64 | 0.2.0 | 14.00 | NOTE | |||
r-release-macos-x86_64 | 0.2.0 | 20.00 | NOTE | |||
r-release-windows-x86_64 | 0.2.0 | 15.00 | 49.00 | 64.00 | NOTE | |
r-oldrel-macos-arm64 | 0.2.0 | 19.00 | NOTE | |||
r-oldrel-macos-x86_64 | 0.2.0 | 24.00 | NOTE | |||
r-oldrel-windows-ix86+x86_64 | 0.2.0 | 5.00 | 41.00 | 46.00 | NOTE |
Version: 0.2.0
Check: LazyData
Result: NOTE
'LazyData' is specified without a 'data' directory
Flavors: r-devel-linux-x86_64-debian-clang, r-devel-linux-x86_64-debian-gcc, r-devel-linux-x86_64-fedora-clang, r-devel-linux-x86_64-fedora-gcc, r-devel-windows-x86_64, r-patched-linux-x86_64, r-release-linux-x86_64, r-release-macos-arm64, r-release-macos-x86_64, r-release-windows-x86_64, r-oldrel-macos-arm64, r-oldrel-macos-x86_64, r-oldrel-windows-ix86+x86_64