CRAN Package Check Results for Package Brundle

Last updated on 2022-07-06 12:53:30 CEST.

Flavor Version Tinstall Tcheck Ttotal Status Flags
r-devel-linux-x86_64-debian-clang 1.0.9 84.45 605.17 689.62 OK
r-devel-linux-x86_64-debian-gcc 1.0.9 68.82 443.88 512.70 OK
r-devel-linux-x86_64-fedora-clang 1.0.9 849.71 WARN
r-devel-linux-x86_64-fedora-gcc 1.0.9 835.25 WARN
r-devel-windows-x86_64 1.0.9 91.00 876.00 967.00 OK
r-patched-linux-x86_64 1.0.9 69.07 576.27 645.34 OK
r-release-linux-x86_64 1.0.9 62.02 558.63 620.65 OK
r-release-macos-arm64 1.0.9 5.00 ERROR
r-release-macos-x86_64 1.0.9 300.00 OK
r-release-windows-x86_64 1.0.9 33.00 8.00 41.00 ERROR
r-oldrel-macos-arm64 1.0.9 362.00 OK
r-oldrel-macos-x86_64 1.0.9 388.00 WARN
r-oldrel-windows-ix86+x86_64 1.0.9 156.00 582.00 738.00 OK

Check Details

Version: 1.0.9
Check: package dependencies
Result: WARN
    Requires (indirectly) orphaned package: ‘gtools’
Flavors: r-devel-linux-x86_64-fedora-clang, r-devel-linux-x86_64-fedora-gcc

Version: 1.0.9
Check: package dependencies
Result: ERROR
    Package required but not available: ‘DiffBind’
    
    See section ‘The DESCRIPTION file’ in the ‘Writing R Extensions’
    manual.
Flavor: r-release-macos-arm64

Version: 1.0.9
Check: whether package can be installed
Result: ERROR
    Installation failed.
Flavor: r-release-windows-x86_64

Version: 1.0.9
Check: whether package can be installed
Result: WARN
    Found the following significant warnings:
     Warning: multiple methods tables found for ‘export’
Flavor: r-oldrel-macos-x86_64