Last updated on 2025-04-29 12:52:31 CEST.
Flavor | Version | Tinstall | Tcheck | Ttotal | Status | Flags |
---|---|---|---|---|---|---|
r-devel-linux-x86_64-debian-clang | 3.0 | 3.26 | 51.02 | 54.28 | NOTE | |
r-devel-linux-x86_64-debian-gcc | 3.0 | 2.15 | 36.46 | 38.61 | NOTE | |
r-devel-linux-x86_64-fedora-clang | 3.0 | 82.98 | OK | |||
r-devel-linux-x86_64-fedora-gcc | 3.0 | 91.51 | OK | |||
r-devel-windows-x86_64 | 3.0 | 4.00 | 80.00 | 84.00 | OK | |
r-patched-linux-x86_64 | 3.0 | 2.94 | 50.57 | 53.51 | OK | |
r-release-linux-x86_64 | 3.0 | 2.65 | 51.62 | 54.27 | OK | |
r-release-macos-arm64 | 3.0 | 38.00 | OK | |||
r-release-macos-x86_64 | 3.0 | 62.00 | OK | |||
r-release-windows-x86_64 | 3.0 | 5.00 | 83.00 | 88.00 | OK | |
r-oldrel-macos-arm64 | 3.0 | 35.00 | OK | |||
r-oldrel-macos-x86_64 | 3.0 | 52.00 | OK | |||
r-oldrel-windows-x86_64 | 3.0 | 4.00 | 75.00 | 79.00 | OK |
Version: 3.0
Check: CRAN incoming feasibility
Result: NOTE
Maintainer: ‘Rahim Alhamzawi (University of Al-Qadisiyah) <rahim.alhamzawi@qu.edu.iq>’
No Authors@R field in DESCRIPTION.
Please add one, modifying
Authors@R: person(given = "Rahim",
family = "Alhamzawi",
role = c("aut", "cre"),
email = "rahim.alhamzawi@qu.edu.iq")
as necessary.
Flavors: r-devel-linux-x86_64-debian-clang, r-devel-linux-x86_64-debian-gcc