Last updated on 2024-04-24 11:20:45 CEST.
Flavor | Version | Tinstall | Tcheck | Ttotal | Status | Flags |
---|---|---|---|---|---|---|
r-devel-linux-x86_64-debian-clang | 1.0.3 | 63.68 | 44.74 | 108.42 | OK | |
r-devel-linux-x86_64-debian-gcc | 1.0.3 | 58.40 | 32.45 | 90.85 | OK | |
r-devel-linux-x86_64-fedora-clang | 1.0.3 | 137.90 | OK | |||
r-devel-linux-x86_64-fedora-gcc | 1.0.3 | 159.43 | OK | |||
r-devel-windows-x86_64 | 1.0.3 | 48.00 | 78.00 | 126.00 | OK | |
r-patched-linux-x86_64 | 1.0.3 | 68.16 | 42.65 | 110.81 | OK | |
r-release-linux-x86_64 | 1.0.3 | 69.35 | 42.40 | 111.75 | OK | |
r-release-macos-arm64 | 1.0.3 | 43.00 | OK | |||
r-release-windows-x86_64 | 1.0.3 | 49.00 | 74.00 | 123.00 | OK | |
r-oldrel-macos-arm64 | 1.0.3 | 42.00 | OK | |||
r-oldrel-macos-x86_64 | 1.0.3 | 71.00 | NOTE | |||
r-oldrel-windows-x86_64 | 1.0.3 | 59.00 | 84.00 | 143.00 | OK |
Version: 1.0.3
Check: installed package size
Result: NOTE
installed size is 5.1Mb
sub-directories of 1Mb or more:
libs 4.7Mb
Flavor: r-oldrel-macos-x86_64