Last updated on 2024-04-19 11:56:40 CEST.
Flavor | Version | Tinstall | Tcheck | Ttotal | Status | Flags |
---|---|---|---|---|---|---|
r-devel-linux-x86_64-debian-clang | 1.2.6 | 52.70 | 117.07 | 169.77 | OK | |
r-devel-linux-x86_64-debian-gcc | 1.2.6 | OK | ||||
r-devel-linux-x86_64-fedora-clang | 1.2.6 | 225.32 | NOTE | |||
r-devel-linux-x86_64-fedora-gcc | 1.2.6 | 233.89 | OK | |||
r-prerel-macos-arm64 | 1.2.6 | 70.00 | NOTE | |||
r-prerel-windows-x86_64 | 1.2.6 | 49.00 | 191.00 | 240.00 | OK | |
r-patched-linux-x86_64 | 1.2.6 | 62.25 | 120.25 | 182.50 | OK | |
r-release-linux-x86_64 | 1.2.6 | 60.73 | 121.51 | 182.24 | OK | |
r-release-macos-arm64 | 1.2.6 | 73.00 | NOTE | |||
r-release-macos-x86_64 | 1.2.6 | 150.00 | NOTE | |||
r-release-windows-x86_64 | 1.2.6 | 59.00 | 228.00 | 287.00 | OK | |
r-oldrel-macos-arm64 | 1.2.6 | 84.00 | NOTE | |||
r-oldrel-windows-x86_64 | 1.2.6 | 54.00 | 217.00 | 271.00 | OK |
Version: 1.2.6
Check: installed package size
Result: NOTE
installed size is 6.2Mb
sub-directories of 1Mb or more:
libs 5.6Mb
Flavors: r-devel-linux-x86_64-fedora-clang, r-prerel-macos-arm64, r-release-macos-arm64, r-release-macos-x86_64, r-oldrel-macos-arm64