CRAN Package Check Results for Package Boom

Last updated on 2022-06-29 11:52:04 CEST.

Flavor Version Tinstall Tcheck Ttotal Status Flags
r-devel-linux-x86_64-debian-clang 0.9.10 2180.23 45.85 2226.08 NOTE
r-devel-linux-x86_64-debian-gcc 0.9.10 1699.29 41.85 1741.14 NOTE
r-devel-linux-x86_64-fedora-clang 0.9.10 3052.91 NOTE
r-devel-linux-x86_64-fedora-gcc 0.9.10 2638.24 NOTE
r-devel-windows-x86_64 0.9.10 2089.00 120.00 2209.00 NOTE
r-patched-linux-x86_64 0.9.10 1995.41 51.37 2046.78 NOTE
r-release-linux-x86_64 0.9.10 1992.38 51.33 2043.71 NOTE
r-release-macos-arm64 0.9.10 154.00 NOTE
r-release-macos-x86_64 0.9.10 310.00 NOTE
r-release-windows-x86_64 0.9.10 2586.00 126.00 2712.00 NOTE
r-oldrel-macos-arm64 0.9.10 155.00 NOTE
r-oldrel-macos-x86_64 0.9.10 315.00 NOTE
r-oldrel-windows-ix86+x86_64 0.9.10 4734.00 88.00 4822.00 NOTE

Check Details

Version: 0.9.10
Check: for GNU extensions in Makefiles
Result: NOTE
    GNU make is a SystemRequirements.
Flavors: r-devel-linux-x86_64-debian-clang, r-devel-linux-x86_64-debian-gcc, r-devel-linux-x86_64-fedora-clang, r-devel-linux-x86_64-fedora-gcc, r-devel-windows-x86_64, r-patched-linux-x86_64, r-release-linux-x86_64, r-release-macos-arm64, r-release-macos-x86_64, r-release-windows-x86_64, r-oldrel-macos-arm64, r-oldrel-macos-x86_64, r-oldrel-windows-ix86+x86_64

Version: 0.9.10
Check: installed package size
Result: NOTE
     installed size is 243.1Mb
     sub-directories of 1Mb or more:
     include 9.2Mb
     lib 233.5Mb
Flavors: r-devel-linux-x86_64-fedora-clang, r-devel-windows-x86_64, r-release-macos-arm64, r-release-macos-x86_64, r-release-windows-x86_64, r-oldrel-macos-arm64, r-oldrel-macos-x86_64, r-oldrel-windows-ix86+x86_64