Last updated on 2024-03-28 09:51:37 CET.
Flavor | Version | Tinstall | Tcheck | Ttotal | Status | Flags |
---|---|---|---|---|---|---|
r-devel-linux-x86_64-debian-clang | 2.2.1 | 8.32 | 134.18 | 142.50 | NOTE | |
r-devel-linux-x86_64-debian-gcc | 2.2.1 | 6.62 | 96.11 | 102.73 | NOTE | |
r-devel-linux-x86_64-fedora-clang | 2.2.1 | 165.54 | NOTE | |||
r-devel-linux-x86_64-fedora-gcc | 2.2.1 | 171.34 | NOTE | |||
r-devel-windows-x86_64 | 2.2.1 | 8.00 | 126.00 | 134.00 | NOTE | |
r-patched-linux-x86_64 | 2.2.1 | 10.78 | 127.79 | 138.57 | NOTE | |
r-release-linux-x86_64 | 2.2.1 | 8.46 | 128.70 | 137.16 | OK | |
r-release-macos-arm64 | 2.2.1 | 56.00 | OK | |||
r-release-macos-x86_64 | 2.2.1 | 79.00 | OK | |||
r-release-windows-x86_64 | 2.2.1 | 10.00 | 143.00 | 153.00 | OK | |
r-oldrel-macos-arm64 | 2.2.1 | 50.00 | OK | |||
r-oldrel-windows-x86_64 | 2.2.1 | 10.00 | 145.00 | 155.00 | OK |
Version: 2.2.1
Check: Rd files
Result: NOTE
checkRd: (-1) dynamic_omes.Rd:45: Lost braces in \itemize; meant \describe ?
checkRd: (-1) dynamic_omes.Rd:46: Lost braces in \itemize; meant \describe ?
checkRd: (-1) dynamic_omes.Rd:47: Lost braces in \itemize; meant \describe ?
checkRd: (-1) dynamic_omes.Rd:48: Lost braces in \itemize; meant \describe ?
checkRd: (-1) dynamic_omes.Rd:49: Lost braces in \itemize; meant \describe ?
checkRd: (-1) elsc.Rd:39: Lost braces in \itemize; meant \describe ?
checkRd: (-1) elsc.Rd:40: Lost braces in \itemize; meant \describe ?
checkRd: (-1) elsc.Rd:41: Lost braces in \itemize; meant \describe ?
checkRd: (-1) entropy.Rd:35: Lost braces in \itemize; meant \describe ?
checkRd: (-1) entropy.Rd:36: Lost braces in \itemize; meant \describe ?
checkRd: (-1) entropy.Rd:37: Lost braces in \itemize; meant \describe ?
checkRd: (-1) mcbasc.Rd:36: Lost braces in \itemize; meant \describe ?
checkRd: (-1) mcbasc.Rd:37: Lost braces in \itemize; meant \describe ?
checkRd: (-1) mcbasc.Rd:38: Lost braces in \itemize; meant \describe ?
checkRd: (-1) mcbasc.Rd:39: Lost braces in \itemize; meant \describe ?
checkRd: (-1) mcbasc.Rd:40: Lost braces in \itemize; meant \describe ?
checkRd: (-1) mcbasc.Rd:41: Lost braces in \itemize; meant \describe ?
checkRd: (-1) omes.Rd:37: Lost braces in \itemize; meant \describe ?
checkRd: (-1) omes.Rd:38: Lost braces in \itemize; meant \describe ?
checkRd: (-1) omes.Rd:39: Lost braces in \itemize; meant \describe ?
checkRd: (-1) omes.Rd:40: Lost braces in \itemize; meant \describe ?
checkRd: (-1) omes.Rd:41: Lost braces in \itemize; meant \describe ?
Flavors: r-devel-linux-x86_64-debian-clang, r-devel-linux-x86_64-debian-gcc, r-devel-linux-x86_64-fedora-clang, r-devel-linux-x86_64-fedora-gcc, r-devel-windows-x86_64, r-patched-linux-x86_64
Version: 2.2.1
Check: Rd metadata
Result: NOTE
Invalid package aliases in Rd file 'bios2cor-package.Rd':
‘bios2cor-package’
Flavors: r-devel-linux-x86_64-debian-clang, r-devel-linux-x86_64-debian-gcc, r-devel-linux-x86_64-fedora-clang, r-devel-linux-x86_64-fedora-gcc, r-devel-windows-x86_64, r-patched-linux-x86_64