Last updated on 2024-08-16 12:49:04 CEST.
Flavor | Version | Tinstall | Tcheck | Ttotal | Status | Flags |
---|---|---|---|---|---|---|
r-devel-linux-x86_64-debian-clang | 1.1.3 | 20.74 | 172.90 | 193.64 | OK | |
r-devel-linux-x86_64-debian-gcc | 1.1.3 | 14.12 | 119.52 | 133.64 | OK | |
r-devel-linux-x86_64-fedora-clang | 1.1.3 | 304.24 | OK | |||
r-devel-linux-x86_64-fedora-gcc | 1.1.3 | 297.42 | OK | |||
r-devel-windows-x86_64 | 1.1.3 | 20.00 | 144.00 | 164.00 | OK | |
r-patched-linux-x86_64 | 1.1.3 | 18.89 | 156.09 | 174.98 | OK | |
r-release-linux-x86_64 | 1.1.3 | 18.69 | 158.79 | 177.48 | OK | |
r-release-macos-arm64 | 1.1.3 | 84.00 | OK | |||
r-release-macos-x86_64 | 1.1.3 | 126.00 | OK | |||
r-release-windows-x86_64 | 1.1.3 | 20.00 | 143.00 | 163.00 | OK | |
r-oldrel-macos-arm64 | 1.1.3 | 84.00 | OK | |||
r-oldrel-macos-x86_64 | 1.1.3 | 147.00 | OK | |||
r-oldrel-windows-x86_64 | 1.1.3 | 2.00 | 10.00 | 12.00 | ERROR |
Version: 1.1.3
Check: whether package can be installed
Result: ERROR
Installation failed.
Flavor: r-oldrel-windows-x86_64