Last updated on 2024-06-30 10:56:05 CEST.
Flavor | Version | Tinstall | Tcheck | Ttotal | Status | Flags |
---|---|---|---|---|---|---|
r-devel-linux-x86_64-debian-clang | 0.4.5 | 9.54 | 94.08 | 103.62 | NOTE | |
r-devel-linux-x86_64-debian-gcc | 0.4.5 | 7.74 | 67.99 | 75.73 | NOTE | |
r-devel-linux-x86_64-fedora-clang | 0.4.5 | 124.28 | NOTE | |||
r-devel-linux-x86_64-fedora-gcc | 0.4.5 | 119.53 | NOTE | |||
r-devel-windows-x86_64 | 0.4.5 | 10.00 | 82.00 | 92.00 | NOTE | |
r-patched-linux-x86_64 | 0.4.5 | 12.93 | 87.74 | 100.67 | NOTE | |
r-release-linux-x86_64 | 0.4.5 | 9.62 | 86.13 | 95.75 | NOTE | |
r-release-macos-arm64 | 0.4.5 | 38.00 | NOTE | |||
r-release-macos-x86_64 | 0.4.5 | 64.00 | NOTE | |||
r-release-windows-x86_64 | 0.4.5 | 8.00 | 83.00 | 91.00 | NOTE | |
r-oldrel-macos-arm64 | 0.4.5 | 44.00 | OK | |||
r-oldrel-macos-x86_64 | 0.4.5 | 67.00 | OK | |||
r-oldrel-windows-x86_64 | 0.4.5 | 10.00 | 103.00 | 113.00 | OK |
Version: 0.4.5
Check: Rd files
Result: NOTE
checkRd: (-1) ROC.Rd:55: Lost braces in \enumerate; \value handles \item{}{} directly
checkRd: (-1) ROC.Rd:56: Lost braces in \enumerate; \value handles \item{}{} directly
checkRd: (-1) ROC.Rd:57: Lost braces in \enumerate; \value handles \item{}{} directly
checkRd: (-1) ROC.Rd:58: Lost braces in \enumerate; \value handles \item{}{} directly
Flavors: r-devel-linux-x86_64-debian-clang, r-devel-linux-x86_64-debian-gcc, r-devel-linux-x86_64-fedora-clang, r-devel-linux-x86_64-fedora-gcc, r-devel-windows-x86_64, r-patched-linux-x86_64, r-release-linux-x86_64, r-release-macos-arm64, r-release-macos-x86_64, r-release-windows-x86_64