Last updated on 2024-04-23 10:53:57 CEST.
Flavor | Version | Tinstall | Tcheck | Ttotal | Status | Flags |
---|---|---|---|---|---|---|
r-devel-linux-x86_64-debian-clang | 0.3.1 | 3.20 | 48.44 | 51.64 | NOTE | |
r-devel-linux-x86_64-debian-gcc | 0.3.1 | 3.80 | 35.43 | 39.23 | OK | |
r-devel-linux-x86_64-fedora-clang | 0.3.1 | 67.86 | OK | |||
r-devel-linux-x86_64-fedora-gcc | 0.3.1 | 63.85 | OK | |||
r-prerel-macos-arm64 | 0.3.1 | 25.00 | OK | |||
r-prerel-macos-x86_64 | 0.3.1 | 42.00 | OK | |||
r-prerel-windows-x86_64 | 0.3.1 | 5.00 | 52.00 | 57.00 | OK | |
r-patched-linux-x86_64 | 0.3.1 | 5.66 | 46.22 | 51.88 | OK | |
r-release-linux-x86_64 | 0.3.1 | 5.44 | 45.15 | 50.59 | OK | |
r-release-macos-arm64 | 0.3.1 | 23.00 | OK | |||
r-release-macos-x86_64 | 0.3.1 | 35.00 | OK | |||
r-release-windows-x86_64 | 0.3.1 | 7.00 | 55.00 | 62.00 | OK | |
r-oldrel-macos-arm64 | 0.3.1 | 23.00 | OK | |||
r-oldrel-windows-x86_64 | 0.3.1 | 7.00 | 65.00 | 72.00 | OK |
Version: 0.3.1
Check: package dependencies
Result: NOTE
Package suggested but not available for checking: ‘biomaRt’
Flavor: r-devel-linux-x86_64-debian-clang