Last updated on 2022-06-30 11:53:02 CEST.
Flavor | Version | Tinstall | Tcheck | Ttotal | Status | Flags |
---|---|---|---|---|---|---|
r-devel-linux-x86_64-debian-clang | 1.0.0 | 46.43 | 100.15 | 146.58 | NOTE | |
r-devel-linux-x86_64-debian-gcc | 1.0.0 | 36.24 | 77.51 | 113.75 | NOTE | |
r-devel-linux-x86_64-fedora-clang | 1.0.0 | 205.94 | NOTE | |||
r-devel-linux-x86_64-fedora-gcc | 1.0.0 | 190.28 | NOTE | |||
r-devel-windows-x86_64 | 1.0.0 | 77.00 | 161.00 | 238.00 | NOTE | |
r-patched-linux-x86_64 | 1.0.0 | 38.50 | 97.03 | 135.53 | NOTE | |
r-release-linux-x86_64 | 1.0.0 | 43.39 | 96.84 | 140.23 | NOTE | |
r-release-macos-arm64 | 1.0.0 | 54.00 | NOTE | |||
r-release-macos-x86_64 | 1.0.0 | 98.00 | NOTE | |||
r-release-windows-x86_64 | 1.0.0 | 103.00 | 164.00 | 267.00 | NOTE | |
r-oldrel-macos-arm64 | 1.0.0 | 68.00 | NOTE | |||
r-oldrel-macos-x86_64 | 1.0.0 | 127.00 | NOTE | |||
r-oldrel-windows-ix86+x86_64 | 1.0.0 | 108.00 | 191.00 | 299.00 | NOTE |
Version: 1.0.0
Check: LazyData
Result: NOTE
'LazyData' is specified without a 'data' directory
Flavors: r-devel-linux-x86_64-debian-clang, r-devel-linux-x86_64-debian-gcc, r-devel-linux-x86_64-fedora-clang, r-devel-linux-x86_64-fedora-gcc, r-devel-windows-x86_64, r-patched-linux-x86_64, r-release-linux-x86_64, r-release-macos-arm64, r-release-macos-x86_64, r-release-windows-x86_64, r-oldrel-macos-arm64, r-oldrel-macos-x86_64, r-oldrel-windows-ix86+x86_64