CRAN Package Check Results for Package Binarize

Last updated on 2022-07-04 12:54:04 CEST.

Flavor Version Tinstall Tcheck Ttotal Status Flags
r-devel-linux-x86_64-debian-clang 1.3 9.10 45.56 54.66 OK
r-devel-linux-x86_64-debian-gcc 1.3 7.80 35.37 43.17 OK
r-devel-linux-x86_64-fedora-clang 1.3 79.85 NOTE
r-devel-linux-x86_64-fedora-gcc 1.3 78.45 OK
r-devel-windows-x86_64 1.3 30.00 93.00 123.00 OK
r-patched-linux-x86_64 1.3 8.02 44.00 52.02 OK
r-release-linux-x86_64 1.3 7.45 43.48 50.93 OK
r-release-macos-arm64 1.3 29.00 OK
r-release-macos-x86_64 1.3 41.00 OK
r-release-windows-x86_64 1.3 20.00 96.00 116.00 OK
r-oldrel-macos-arm64 1.3 34.00 OK
r-oldrel-macos-x86_64 1.3 53.00 OK
r-oldrel-windows-ix86+x86_64 1.3 25.00 86.00 111.00 OK

Check Details

Version: 1.3
Check: Rd cross-references
Result: NOTE
    Undeclared package ‘BoolNet’ in Rd xrefs
Flavor: r-devel-linux-x86_64-fedora-clang