CRAN Package Check Results for Package BiasedUrn

Last updated on 2024-02-29 13:54:29 CET.

Flavor Version Tinstall Tcheck Ttotal Status Flags
r-devel-linux-x86_64-debian-clang 2.0.11 11.37 27.15 38.52 OK
r-devel-linux-x86_64-debian-gcc 2.0.11 9.59 21.37 30.96 OK
r-devel-linux-x86_64-fedora-clang 2.0.11 49.60 NOTE
r-devel-linux-x86_64-fedora-gcc 2.0.11 61.81 NOTE
r-devel-windows-x86_64 2.0.11 14.00 53.00 67.00 OK
r-patched-linux-x86_64 2.0.11 11.96 26.73 38.69 OK
r-release-linux-x86_64 2.0.11 11.22 26.54 37.76 OK
r-release-macos-arm64 2.0.11 29.00 OK
r-release-macos-x86_64 2.0.11 80.00 OK
r-release-windows-x86_64 2.0.11 14.00 51.00 65.00 OK
r-oldrel-macos-arm64 2.0.11 26.00 OK
r-oldrel-windows-x86_64 2.0.11 17.00 53.00 70.00 OK

Additional issues

noRemap

Check Details

Version: 2.0.11
Check: compiled code
Result: NOTE File ‘BiasedUrn/libs/BiasedUrn.so’: Found no calls to: ‘R_registerRoutines’, ‘R_useDynamicSymbols’ It is good practice to register native routines and to disable symbol search. See ‘Writing portable packages’ in the ‘Writing R Extensions’ manual. Flavors: r-devel-linux-x86_64-fedora-clang, r-devel-linux-x86_64-fedora-gcc