CRAN Package Check Results for Package BiDAG

Last updated on 2023-12-10 11:51:10 CET.

Flavor Version Tinstall Tcheck Ttotal Status Flags
r-devel-linux-x86_64-debian-clang 2.1.4 45.22 192.84 238.06 OK
r-devel-linux-x86_64-debian-gcc 2.1.4 34.06 142.84 176.90 OK
r-devel-linux-x86_64-fedora-clang 2.1.4 319.96 NOTE
r-devel-linux-x86_64-fedora-gcc 2.1.4 310.50 NOTE
r-devel-windows-x86_64 2.1.4 38.00 160.00 198.00 OK
r-patched-linux-x86_64 2.1.4 39.59 192.83 232.42 OK
r-release-linux-x86_64 2.1.4 41.51 184.47 225.98 OK
r-release-macos-arm64 2.1.4 70.00 OK
r-release-macos-x86_64 2.1.4 205.00 OK
r-release-windows-x86_64 2.1.4 49.00 200.00 249.00 OK
r-oldrel-macos-arm64 2.1.4 75.00 OK
r-oldrel-macos-x86_64 2.1.4 98.00 OK
r-oldrel-windows-x86_64 2.1.4 48.00 195.00 243.00 OK

Check Details

Version: 2.1.4
Check: dependencies in R code
Result: NOTE Namespace in Imports field not imported from: ‘RBGL’ All declared Imports should be used. Flavors: r-devel-linux-x86_64-fedora-clang, r-devel-linux-x86_64-fedora-gcc