CRAN Package Check Results for Package BiDAG

Last updated on 2022-06-24 11:52:02 CEST.

Flavor Version Tinstall Tcheck Ttotal Status Flags
r-devel-linux-x86_64-debian-clang 2.0.7 39.76 181.51 221.27 OK
r-devel-linux-x86_64-debian-gcc 2.0.9 31.24 136.26 167.50 OK
r-devel-linux-x86_64-fedora-clang 2.0.9 280.87 NOTE
r-devel-linux-x86_64-fedora-gcc 2.0.9 305.98 NOTE
r-devel-windows-x86_64 2.0.9 70.00 230.00 300.00 OK
r-patched-linux-x86_64 2.0.9 38.74 173.75 212.49 OK
r-release-linux-x86_64 2.0.9 32.58 178.66 211.24 OK
r-release-macos-arm64 2.0.9 63.00 NOTE
r-release-macos-x86_64 2.0.9 91.00 NOTE
r-release-windows-x86_64 2.0.9 55.00 190.00 245.00 OK
r-oldrel-macos-arm64 2.0.9 59.00 NOTE
r-oldrel-macos-x86_64 2.0.9 89.00 NOTE
r-oldrel-windows-ix86+x86_64 2.0.9 69.00 250.00 319.00 OK

Check Details

Version: 2.0.9
Check: dependencies in R code
Result: NOTE
    Namespace in Imports field not imported from: ‘RBGL’
     All declared Imports should be used.
Flavors: r-devel-linux-x86_64-fedora-clang, r-devel-linux-x86_64-fedora-gcc, r-release-macos-arm64, r-release-macos-x86_64, r-oldrel-macos-arm64, r-oldrel-macos-x86_64