CRAN Package Check Results for Package BetaBit

Last updated on 2022-07-07 12:55:18 CEST.

Flavor Version Tinstall Tcheck Ttotal Status Flags
r-devel-linux-x86_64-debian-clang 1.4 3.71 38.01 41.72 OK
r-devel-linux-x86_64-debian-gcc 1.4 3.54 28.85 32.39 OK
r-devel-linux-x86_64-fedora-clang 1.4 61.53 NOTE
r-devel-linux-x86_64-fedora-gcc 1.4 61.05 NOTE
r-devel-windows-x86_64 1.4 24.00 66.00 90.00 OK
r-patched-linux-x86_64 1.4 4.20 36.86 41.06 OK
r-release-linux-x86_64 1.4 3.72 35.69 39.41 OK
r-release-macos-arm64 1.4 20.00 NOTE
r-release-macos-x86_64 1.4 28.00 NOTE
r-release-windows-x86_64 1.4 26.00 65.00 91.00 OK
r-oldrel-macos-arm64 1.4 24.00 NOTE
r-oldrel-macos-x86_64 1.4 33.00 NOTE
r-oldrel-windows-ix86+x86_64 1.4 8.00 74.00 82.00 OK

Check Details

Version: 1.4
Check: data for non-ASCII characters
Result: NOTE
     Note: found 20 marked UTF-8 strings
Flavors: r-devel-linux-x86_64-fedora-clang, r-devel-linux-x86_64-fedora-gcc, r-release-macos-arm64, r-release-macos-x86_64, r-oldrel-macos-arm64, r-oldrel-macos-x86_64