CRAN Package Check Results for Package Bestie

Last updated on 2022-07-05 11:49:48 CEST.

Flavor Version Tinstall Tcheck Ttotal Status Flags
r-devel-linux-x86_64-debian-clang 0.1.5 18.24 36.62 54.86 OK
r-devel-linux-x86_64-debian-gcc 0.1.5 14.69 27.40 42.09 OK
r-devel-linux-x86_64-fedora-clang 0.1.5 86.30 NOTE
r-devel-linux-x86_64-fedora-gcc 0.1.5 77.16 NOTE
r-devel-windows-x86_64 0.1.5 24.00 76.00 100.00 OK
r-patched-linux-x86_64 0.1.5 13.80 34.47 48.27 OK
r-release-linux-x86_64 0.1.5 12.97 34.37 47.34 OK
r-release-macos-arm64 0.1.5 24.00 NOTE
r-release-macos-x86_64 0.1.5 32.00 NOTE
r-release-windows-x86_64 0.1.5 27.00 76.00 103.00 OK
r-oldrel-macos-arm64 0.1.5 26.00 NOTE
r-oldrel-macos-x86_64 0.1.5 38.00 NOTE
r-oldrel-windows-ix86+x86_64 0.1.5 47.00 83.00 130.00 OK

Check Details

Version: 0.1.5
Check: dependencies in R code
Result: NOTE
    Namespace in Imports field not imported from: ‘BiDAG’
     All declared Imports should be used.
Flavors: r-devel-linux-x86_64-fedora-clang, r-devel-linux-x86_64-fedora-gcc, r-release-macos-arm64, r-release-macos-x86_64, r-oldrel-macos-arm64, r-oldrel-macos-x86_64