CRAN Package Check Results for Package BcDiag

Last updated on 2022-10-02 13:50:36 CEST.

Flavor Version Tinstall Tcheck Ttotal Status Flags
r-devel-linux-x86_64-debian-clang 1.0.10 6.19 66.38 72.57 NOTE
r-devel-linux-x86_64-debian-gcc 1.0.10 3.75 50.80 54.55 NOTE
r-devel-linux-x86_64-fedora-clang 1.0.10 102.71 NOTE
r-devel-linux-x86_64-fedora-gcc 1.0.10 100.61 NOTE
r-devel-windows-x86_64 1.0.10 13.00 96.00 109.00 OK
r-patched-linux-x86_64 1.0.10 6.23 63.07 69.30 NOTE
r-release-linux-x86_64 1.0.10 5.37 62.39 67.76 NOTE
r-release-macos-arm64 1.0.10 30.00 OK
r-release-macos-x86_64 1.0.10 48.00 OK
r-release-windows-x86_64 1.0.10 11.00 98.00 109.00 OK
r-oldrel-macos-arm64 1.0.10 36.00 OK
r-oldrel-macos-x86_64 1.0.10 63.00 OK
r-oldrel-windows-ix86+x86_64 1.0.10 11.00 97.00 108.00 OK

Check Details

Version: 1.0.10
Check: for non-standard things in the check directory
Result: NOTE
    Found the following files/directories:
     'fabiabreast.txt'
Flavors: r-devel-linux-x86_64-debian-clang, r-devel-linux-x86_64-debian-gcc, r-devel-linux-x86_64-fedora-clang, r-devel-linux-x86_64-fedora-gcc, r-patched-linux-x86_64, r-release-linux-x86_64